CRAN Package Check Results for Package seecolor

Last updated on 2023-12-10 16:51:27 CET.

Flavor Version Tinstall Tcheck Ttotal Status Flags
r-devel-linux-x86_64-debian-clang 0.2.0 2.62 31.55 34.17 OK
r-devel-linux-x86_64-debian-gcc 0.2.0 2.32 23.65 25.97 OK
r-devel-linux-x86_64-fedora-clang 0.2.0 42.29 NOTE
r-devel-linux-x86_64-fedora-gcc 0.2.0 54.65 NOTE
r-devel-windows-x86_64 0.2.0 4.00 46.00 50.00 OK
r-patched-linux-x86_64 0.2.0 2.87 29.72 32.59 OK
r-release-linux-x86_64 0.2.0 3.08 28.61 31.69 OK
r-release-macos-arm64 0.2.0 26.00 OK
r-release-macos-x86_64 0.2.0 34.00 OK
r-release-windows-x86_64 0.2.0 5.00 48.00 53.00 OK
r-oldrel-macos-arm64 0.2.0 20.00 OK
r-oldrel-macos-x86_64 0.2.0 28.00 OK
r-oldrel-windows-x86_64 0.2.0 4.00 50.00 54.00 OK

Check Details

Version: 0.2.0
Check: dependencies in R code
Result: NOTE Namespace in Imports field not imported from: ‘fansi’ All declared Imports should be used. Flavors: r-devel-linux-x86_64-fedora-clang, r-devel-linux-x86_64-fedora-gcc