Last updated on 2023-12-05 16:49:45 CET.
Flavor | Version | Tinstall | Tcheck | Ttotal | Status | Flags |
---|---|---|---|---|---|---|
r-devel-linux-x86_64-debian-clang | 3.1 | 13.91 | 102.74 | 116.65 | NOTE | |
r-devel-linux-x86_64-debian-gcc | 3.1 | 9.18 | 78.44 | 87.62 | NOTE | |
r-devel-linux-x86_64-fedora-clang | 3.1 | 150.49 | OK | |||
r-devel-linux-x86_64-fedora-gcc | 3.1 | 138.43 | OK | |||
r-devel-windows-x86_64 | 3.1 | 12.00 | 93.00 | 105.00 | OK | |
r-patched-linux-x86_64 | 3.1 | 9.18 | 101.93 | 111.11 | OK | |
r-release-linux-x86_64 | 3.1 | 8.51 | 100.06 | 108.57 | OK | |
r-release-macos-arm64 | 3.1 | 52.00 | OK | |||
r-release-macos-x86_64 | 3.1 | 83.00 | OK | |||
r-release-windows-x86_64 | 3.1 | 14.00 | 107.00 | 121.00 | OK | |
r-oldrel-macos-arm64 | 3.1 | 50.00 | OK | |||
r-oldrel-macos-x86_64 | 3.1 | 66.00 | OK | |||
r-oldrel-windows-x86_64 | 3.1 | 17.00 | 111.00 | 128.00 | OK |
Version: 3.1
Check: Rd files
Result: NOTE
checkRd: (-1) seedCCA.Rd:17: Lost braces; missing escapes or markup?
17 | \item{u}{numeric, maximum number of projections. The default is 10. This is used for \code{type="seed1"}, \code{type="seed2"} and {tyepe="pls"}.}
| ^
Flavors: r-devel-linux-x86_64-debian-clang, r-devel-linux-x86_64-debian-gcc