Last updated on 2024-03-28 23:55:19 CET.
Flavor | Version | Tinstall | Tcheck | Ttotal | Status | Flags |
---|---|---|---|---|---|---|
r-devel-linux-x86_64-debian-clang | 0.9.1 | 7.63 | 70.81 | 78.44 | OK | |
r-devel-linux-x86_64-debian-gcc | 0.9.1 | 6.32 | 54.52 | 60.84 | OK | |
r-devel-linux-x86_64-fedora-clang | 0.9.1 | 102.88 | NOTE | |||
r-devel-linux-x86_64-fedora-gcc | 0.9.1 | 115.70 | OK | |||
r-devel-windows-x86_64 | 0.9.1 | 7.00 | 75.00 | 82.00 | OK | |
r-patched-linux-x86_64 | 0.9.1 | 13.67 | 69.80 | 83.47 | OK | |
r-release-linux-x86_64 | 0.9.1 | 5.56 | 68.42 | 73.98 | OK | |
r-release-macos-arm64 | 0.9.1 | 39.00 | NOTE | |||
r-release-macos-x86_64 | 0.9.1 | 57.00 | NOTE | |||
r-release-windows-x86_64 | 0.9.1 | 12.00 | 84.00 | 96.00 | OK | |
r-oldrel-macos-arm64 | 0.9.1 | 30.00 | NOTE | |||
r-oldrel-windows-x86_64 | 0.9.1 | 12.00 | 89.00 | 101.00 | OK |
Version: 0.9.1
Check: package dependencies
Result: NOTE
Package suggested but not available for checking: ‘rsbml’
Flavors: r-devel-linux-x86_64-fedora-clang, r-release-macos-arm64, r-release-macos-x86_64, r-oldrel-macos-arm64