Last updated on 2023-10-04 00:58:37 CEST.
Flavor | Version | Tinstall | Tcheck | Ttotal | Status | Flags |
---|---|---|---|---|---|---|
r-devel-linux-x86_64-debian-clang | 1.1.3 | 9.09 | 90.58 | 99.67 | OK | |
r-devel-linux-x86_64-debian-gcc | 1.1.3 | 5.81 | 66.99 | 72.80 | OK | |
r-devel-linux-x86_64-fedora-clang | 1.1.3 | 121.47 | OK | |||
r-devel-linux-x86_64-fedora-gcc | 1.1.3 | 127.42 | OK | |||
r-devel-windows-x86_64 | 1.1.3 | 9.00 | 81.00 | 90.00 | OK | |
r-patched-linux-x86_64 | 1.1.3 | 7.36 | 86.12 | 93.48 | OK | |
r-release-linux-x86_64 | 1.1.3 | 5.81 | 87.33 | 93.14 | OK | |
r-release-macos-arm64 | 1.1.3 | 56.00 | NOTE | |||
r-release-macos-x86_64 | 1.1.3 | 81.00 | NOTE | |||
r-release-windows-x86_64 | 1.1.3 | 10.00 | 94.00 | 104.00 | OK | |
r-oldrel-macos-arm64 | 1.1.3 | 53.00 | NOTE | |||
r-oldrel-macos-x86_64 | 1.1.3 | 59.00 | NOTE | |||
r-oldrel-windows-x86_64 | 1.1.3 | 11.00 | 96.00 | 107.00 | OK |
Version: 1.1.3
Check: package dependencies
Result: NOTE
Package suggested but not available for checking: ‘ArrayExpress’
Flavors: r-release-macos-arm64, r-oldrel-macos-arm64, r-oldrel-macos-x86_64
Version: 1.1.3
Check: Rd cross-references
Result: NOTE
Package unavailable to check Rd xrefs: ‘ArrayExpress’
Flavors: r-release-macos-arm64, r-release-macos-x86_64, r-oldrel-macos-arm64, r-oldrel-macos-x86_64
Version: 1.1.3
Check: package dependencies
Result: NOTE
Packages suggested but not available for checking:
'ArrayExpress', 'org.Mm.eg.db'
Flavor: r-release-macos-x86_64