Last updated on 2023-06-08 08:55:33 CEST.
Flavor | Version | Tinstall | Tcheck | Ttotal | Status | Flags |
---|---|---|---|---|---|---|
r-devel-linux-x86_64-debian-clang | 0.1.2 | 27.98 | 93.24 | 121.22 | OK | |
r-devel-linux-x86_64-debian-gcc | 0.1.2 | 23.25 | 69.28 | 92.53 | OK | |
r-devel-linux-x86_64-fedora-clang | 0.1.2 | 165.59 | NOTE | |||
r-devel-linux-x86_64-fedora-gcc | 0.1.2 | 170.21 | NOTE | |||
r-devel-windows-x86_64 | 0.1.2 | 22.00 | 112.00 | 134.00 | OK | |
r-patched-linux-x86_64 | 0.1.2 | 29.03 | 88.65 | 117.68 | OK | |
r-release-linux-x86_64 | 0.1.2 | 29.26 | 87.15 | 116.41 | OK | |
r-release-macos-arm64 | 0.1.2 | 61.00 | NOTE | |||
r-release-macos-x86_64 | 0.1.2 | 95.00 | NOTE | |||
r-release-windows-x86_64 | 0.1.2 | 26.00 | 134.00 | 160.00 | OK | |
r-oldrel-macos-arm64 | 0.1.2 | 58.00 | NOTE | |||
r-oldrel-macos-x86_64 | 0.1.2 | 64.00 | OK | |||
r-oldrel-windows-x86_64 | 0.1.2 | 30.00 | 127.00 | 157.00 | OK |
Version: 0.1.2
Check: package dependencies
Result: NOTE
Packages suggested but not available for checking:
'flowMerge', 'flowClust', 'flowCore'
Flavors: r-devel-linux-x86_64-fedora-clang, r-devel-linux-x86_64-fedora-gcc, r-release-macos-arm64, r-release-macos-x86_64
Version: 0.1.2
Check: Rd cross-references
Result: NOTE
Packages unavailable to check Rd xrefs: ‘flowClust’, ‘flowMerge’
Flavors: r-devel-linux-x86_64-fedora-clang, r-devel-linux-x86_64-fedora-gcc, r-release-macos-arm64, r-release-macos-x86_64
Version: 0.1.2
Check: package dependencies
Result: NOTE
Package suggested but not available for checking: ‘flowMerge’
Flavor: r-oldrel-macos-arm64
Version: 0.1.2
Check: Rd cross-references
Result: NOTE
Package unavailable to check Rd xrefs: ‘flowMerge’
Flavor: r-oldrel-macos-arm64