Last updated on 2024-04-26 00:56:33 CEST.
Flavor | Version | Tinstall | Tcheck | Ttotal | Status | Flags |
---|---|---|---|---|---|---|
r-devel-linux-x86_64-debian-clang | 0.5-6 | 30.96 | 350.27 | 381.23 | NOTE | |
r-devel-linux-x86_64-debian-gcc | 0.5-6 | 30.73 | 243.48 | 274.21 | NOTE | |
r-devel-linux-x86_64-fedora-clang | 0.5-6 | 494.97 | NOTE | |||
r-devel-linux-x86_64-fedora-gcc | 0.5-6 | 364.86 | NOTE | |||
r-devel-windows-x86_64 | 0.5-6 | 32.00 | 270.00 | 302.00 | NOTE | |
r-patched-linux-x86_64 | 0.5-6 | 40.01 | 323.35 | 363.36 | NOTE | |
r-release-linux-x86_64 | 0.5-6 | 29.50 | 337.90 | 367.40 | OK | |
r-release-macos-arm64 | 0.5-6 | 113.00 | NOTE | |||
r-release-windows-x86_64 | 0.5-6 | 34.00 | 259.00 | 293.00 | NOTE | |
r-oldrel-macos-arm64 | 0.5-6 | 122.00 | OK | |||
r-oldrel-macos-x86_64 | 0.5-6 | 188.00 | NOTE | |||
r-oldrel-windows-x86_64 | 0.5-6 | 40.00 | 329.00 | 369.00 | OK |
Version: 0.5-6
Check: Rd files
Result: NOTE
checkRd: (-1) PAVranking.Rd:77-79: Lost braces in \itemize; \value handles \item{}{} directly
checkRd: (-1) PAVranking.Rd:80-82: Lost braces in \itemize; \value handles \item{}{} directly
checkRd: (-1) PAVranking.Rd:83-85: Lost braces in \itemize; \value handles \item{}{} directly
checkRd: (-1) PAVranking.Rd:86-87: Lost braces in \itemize; \value handles \item{}{} directly
Flavors: r-devel-linux-x86_64-debian-clang, r-devel-linux-x86_64-debian-gcc, r-devel-linux-x86_64-fedora-clang, r-devel-linux-x86_64-fedora-gcc, r-devel-windows-x86_64, r-patched-linux-x86_64, r-release-macos-arm64, r-release-windows-x86_64
Version: 0.5-6
Check: package dependencies
Result: NOTE
Package suggested but not available for checking: ‘blavaan’
Flavor: r-patched-linux-x86_64
Version: 0.5-6
Check: package dependencies
Result: NOTE
Packages suggested but not available for checking: 'blavaan', 'emmeans'
Flavor: r-oldrel-macos-x86_64
Version: 0.5-6
Check: Rd cross-references
Result: NOTE
Package unavailable to check Rd xrefs: ‘blavaan’
Flavor: r-oldrel-macos-x86_64