Last updated on 2024-04-17 16:53:21 CEST.
Flavor | Version | Tinstall | Tcheck | Ttotal | Status | Flags |
---|---|---|---|---|---|---|
r-devel-linux-x86_64-debian-clang | 0.9.20 | 18.55 | 629.23 | 647.78 | OK | |
r-devel-linux-x86_64-debian-gcc | 0.9.20 | 16.66 | 502.65 | 519.31 | OK | |
r-devel-linux-x86_64-fedora-clang | 0.9.20 | 812.82 | OK | |||
r-devel-linux-x86_64-fedora-gcc | 0.9.20 | 811.03 | OK | |||
r-prerel-macos-arm64 | 0.9.20 | 195.00 | OK | |||
r-prerel-macos-x86_64 | 0.9.20 | 559.00 | NOTE | |||
r-prerel-windows-x86_64 | 0.9.20 | 19.00 | 364.00 | 383.00 | OK | |
r-patched-linux-x86_64 | 0.9.20 | 24.09 | 651.47 | 675.56 | NOTE | |
r-release-linux-x86_64 | 0.9.20 | 12.72 | 629.33 | 642.05 | NOTE | |
r-release-macos-arm64 | 0.9.20 | 194.00 | OK | |||
r-release-macos-x86_64 | 0.9.20 | 569.00 | OK | |||
r-release-windows-x86_64 | 0.9.20 | 26.00 | 551.00 | 577.00 | OK | |
r-oldrel-macos-arm64 | 0.9.20 | 189.00 | OK | |||
r-oldrel-windows-x86_64 | 0.9.20 | 25.00 | 400.00 | 425.00 | OK |
Version: 0.9.20
Check: package dependencies
Result: NOTE
Package suggested but not available for checking: ‘ctsemOMX’
Flavors: r-prerel-macos-x86_64, r-patched-linux-x86_64, r-release-linux-x86_64