CRAN Package Check Results for Package sensitivity

Last updated on 2023-06-05 16:55:07 CEST.

Flavor Version Tinstall Tcheck Ttotal Status Flags
r-devel-linux-x86_64-debian-clang 1.28.1 147.86 253.13 400.99 OK
r-devel-linux-x86_64-debian-gcc 1.28.1 114.98 187.05 302.03 OK
r-devel-linux-x86_64-fedora-clang 1.28.1 542.13 OK
r-devel-linux-x86_64-fedora-gcc 1.28.1 508.15 OK
r-devel-windows-x86_64 1.28.1 107.00 215.00 322.00 OK
r-patched-linux-x86_64 1.28.1 114.77 238.23 353.00 OK
r-release-linux-x86_64 1.28.1 118.53 236.02 354.55 OK
r-release-macos-arm64 1.28.1 119.00 NOTE
r-release-macos-x86_64 1.28.1 203.00 NOTE
r-release-windows-x86_64 1.28.1 144.00 277.00 421.00 OK
r-oldrel-macos-arm64 1.28.1 102.00 NOTE
r-oldrel-macos-x86_64 1.28.1 152.00 NOTE
r-oldrel-windows-x86_64 1.28.1 133.00 261.00 394.00 OK

Check Details

Version: 1.28.1
Check: installed package size
Result: NOTE
     installed size is 5.4Mb
     sub-directories of 1Mb or more:
     R 2.2Mb
     libs 2.6Mb
Flavors: r-release-macos-arm64, r-release-macos-x86_64, r-oldrel-macos-arm64, r-oldrel-macos-x86_64