Last updated on 2024-04-24 00:55:58 CEST.
Flavor | Version | Tinstall | Tcheck | Ttotal | Status | Flags |
---|---|---|---|---|---|---|
r-devel-linux-x86_64-debian-clang | 4.2-36 | 17.36 | 133.71 | 151.07 | OK | |
r-devel-linux-x86_64-debian-gcc | 4.2-36 | 12.69 | 95.08 | 107.77 | OK | |
r-devel-linux-x86_64-fedora-clang | 4.2-36 | 189.86 | NOTE | |||
r-devel-linux-x86_64-fedora-gcc | 4.2-36 | 179.52 | OK | |||
r-prerel-macos-arm64 | 4.2-36 | 58.00 | NOTE | |||
r-prerel-windows-x86_64 | 4.2-36 | 18.00 | 142.00 | 160.00 | NOTE | |
r-patched-linux-x86_64 | 4.2-36 | 22.13 | 128.68 | 150.81 | OK | |
r-release-linux-x86_64 | 4.2-36 | 13.04 | 122.37 | 135.41 | OK | |
r-release-macos-arm64 | 4.2-36 | 64.00 | NOTE | |||
r-release-macos-x86_64 | 4.2-36 | 137.00 | NOTE | |||
r-release-windows-x86_64 | 4.2-36 | 23.00 | 178.00 | 201.00 | NOTE | |
r-oldrel-macos-arm64 | 4.2-36 | 62.00 | NOTE | |||
r-oldrel-windows-x86_64 | 4.2-36 | 22.00 | 185.00 | 207.00 | NOTE |
Version: 4.2-36
Check: installed package size
Result: NOTE
installed size is 5.4Mb
sub-directories of 1Mb or more:
data 1.5Mb
sequences 1.9Mb
Flavors: r-devel-linux-x86_64-fedora-clang, r-prerel-macos-arm64, r-prerel-windows-x86_64, r-release-macos-arm64, r-release-macos-x86_64, r-release-windows-x86_64, r-oldrel-macos-arm64, r-oldrel-windows-x86_64