Last updated on 2023-06-07 17:55:50 CEST.
Flavor | Version | Tinstall | Tcheck | Ttotal | Status | Flags |
---|---|---|---|---|---|---|
r-devel-linux-x86_64-debian-clang | 0.5-0 | 76.59 | 549.31 | 625.90 | OK | |
r-devel-linux-x86_64-debian-gcc | 0.5-0 | 63.36 | 448.59 | 511.95 | OK | |
r-devel-linux-x86_64-fedora-clang | 0.5-0 | 793.60 | OK | |||
r-devel-linux-x86_64-fedora-gcc | 0.5-0 | 844.24 | OK | |||
r-devel-windows-x86_64 | 0.5-0 | 61.00 | 373.00 | 434.00 | OK | |
r-patched-linux-x86_64 | 0.5-0 | 65.34 | 572.03 | 637.37 | OK | |
r-release-linux-x86_64 | 0.5-0 | 71.86 | 574.52 | 646.38 | OK | |
r-release-macos-arm64 | 0.5-0 | 287.00 | NOTE | |||
r-release-macos-x86_64 | 0.5-0 | 450.00 | NOTE | |||
r-release-windows-x86_64 | 0.5-0 | 75.00 | 577.00 | 652.00 | OK | |
r-oldrel-macos-arm64 | 0.5-0 | 245.00 | NOTE | |||
r-oldrel-macos-x86_64 | 0.5-0 | 292.00 | NOTE | |||
r-oldrel-windows-x86_64 | 0.5-0 | 69.00 | 440.00 | 509.00 | OK |
Version: 0.5-0
Check: installed package size
Result: NOTE
installed size is 17.2Mb
sub-directories of 1Mb or more:
libs 15.9Mb
Flavors: r-release-macos-arm64, r-release-macos-x86_64, r-oldrel-macos-arm64, r-oldrel-macos-x86_64