CRAN Package Check Results for Package sfc

Last updated on 2021-10-17 00:48:51 CEST.

Flavor Version Tinstall Tcheck Ttotal Status Flags
r-devel-linux-x86_64-debian-clang 0.1.0 3.87 43.39 47.26 NOTE
r-devel-linux-x86_64-debian-gcc 0.1.0 3.71 32.49 36.20 NOTE
r-devel-linux-x86_64-fedora-clang 0.1.0 67.86 NOTE
r-devel-linux-x86_64-fedora-gcc 0.1.0 56.86 NOTE
r-devel-windows-x86_64 0.1.0 10.00 44.00 54.00 NOTE
r-devel-windows-x86_64-gcc10-UCRT 0.1.0 NOTE
r-patched-linux-x86_64 0.1.0 4.42 40.43 44.85 NOTE
r-patched-solaris-x86 0.1.0 83.10 NOTE
r-release-linux-x86_64 0.1.0 4.21 39.97 44.18 NOTE
r-release-macos-arm64 0.1.0 NOTE
r-release-macos-x86_64 0.1.0 NOTE
r-release-windows-ix86+x86_64 0.1.0 13.00 58.00 71.00 NOTE
r-oldrel-macos-x86_64 0.1.0 OK
r-oldrel-windows-ix86+x86_64 0.1.0 12.00 57.00 69.00 OK

Check Details

Version: 0.1.0
Check: LazyData
Result: NOTE
     'LazyData' is specified without a 'data' directory
Flavors: r-devel-linux-x86_64-debian-clang, r-devel-linux-x86_64-debian-gcc, r-devel-linux-x86_64-fedora-clang, r-devel-linux-x86_64-fedora-gcc, r-devel-windows-x86_64, r-devel-windows-x86_64-gcc10-UCRT, r-patched-linux-x86_64, r-patched-solaris-x86, r-release-linux-x86_64, r-release-macos-arm64, r-release-macos-x86_64, r-release-windows-ix86+x86_64