CRAN Package Check Results for Package sfo

Last updated on 2021-10-22 04:55:03 CEST.

Flavor Version Tinstall Tcheck Ttotal Status Flags
r-devel-linux-x86_64-debian-clang 0.1.1 3.58 30.13 33.71 OK
r-devel-linux-x86_64-debian-gcc 0.1.1 2.87 24.05 26.92 OK
r-devel-linux-x86_64-fedora-clang 0.1.1 53.36 OK
r-devel-linux-x86_64-fedora-gcc 0.1.1 41.64 OK
r-devel-windows-x86_64 0.1.1 6.00 45.00 51.00 OK
r-devel-windows-x86_64-gcc10-UCRT 0.1.1 OK
r-patched-linux-x86_64 0.1.1 3.21 29.99 33.20 OK
r-patched-solaris-x86 0.1.1 59.20 OK
r-release-linux-x86_64 0.1.1 3.15 30.14 33.29 OK
r-release-macos-arm64 0.1.1 OK
r-release-macos-x86_64 0.1.1 WARN
r-release-windows-ix86+x86_64 0.1.1 6.00 54.00 60.00 OK
r-oldrel-macos-x86_64 0.1.1 WARN
r-oldrel-windows-ix86+x86_64 0.1.1 8.00 50.00 58.00 OK

Check Details

Version: 0.1.1
Check: re-building of vignette outputs
Result: WARN
    Error(s) in re-building vignettes:
    --- re-building ‘v1_intro.Rmd’ using rmarkdown
    Warning in engine$weave(file, quiet = quiet, encoding = enc) :
     Pandoc (>= 1.12.3) not available. Falling back to R Markdown v1.
    --- finished re-building ‘v1_intro.Rmd’
    
    --- re-building ‘v3_analyzing_landing.Rmd’ using rmarkdown
    Warning in engine$weave(file, quiet = quiet, encoding = enc) :
     Pandoc (>= 1.12.3) not available. Falling back to R Markdown v1.
    
    Attaching package: 'dplyr'
    
    The following objects are masked from 'package:stats':
    
     filter, lag
    
    The following objects are masked from 'package:base':
    
     intersect, setdiff, setequal, union
    
    Loading required package: ggplot2
    
    Attaching package: 'plotly'
    
    The following object is masked from 'package:ggplot2':
    
     last_plot
    
    The following object is masked from 'package:stats':
    
     filter
    
    The following object is masked from 'package:graphics':
    
     layout
    
    PhantomJS not found. You can install it with webshot::install_phantomjs(). If it is installed, please make sure the phantomjs executable can be found via the PATH variable.
    PhantomJS not found. You can install it with webshot::install_phantomjs(). If it is installed, please make sure the phantomjs executable can be found via the PATH variable.
    Quitting from lines 61-70 (v3_analyzing_landing.Rmd)
    Error: processing vignette 'v3_analyzing_landing.Rmd' failed with diagnostics:
    invalid 'path' argument
    --- failed re-building ‘v3_analyzing_landing.Rmd’
    
    SUMMARY: processing the following file failed:
     ‘v3_analyzing_landing.Rmd’
    
    Error: Vignette re-building failed.
    Execution halted
Flavor: r-release-macos-x86_64

Version: 0.1.1
Check: re-building of vignette outputs
Result: WARN
    Error(s) in re-building vignettes:
    --- re-building ‘v1_intro.Rmd’ using rmarkdown
    Warning in engine$weave(file, quiet = quiet, encoding = enc) :
     Pandoc (>= 1.12.3) and/or pandoc-citeproc not available. Falling back to R Markdown v1.
    --- finished re-building ‘v1_intro.Rmd’
    
    --- re-building ‘v3_analyzing_landing.Rmd’ using rmarkdown
    Warning in engine$weave(file, quiet = quiet, encoding = enc) :
     Pandoc (>= 1.12.3) and/or pandoc-citeproc not available. Falling back to R Markdown v1.
    
    Attaching package: 'dplyr'
    
    The following objects are masked from 'package:stats':
    
     filter, lag
    
    The following objects are masked from 'package:base':
    
     intersect, setdiff, setequal, union
    
    Loading required package: ggplot2
    
    Attaching package: 'plotly'
    
    The following object is masked from 'package:ggplot2':
    
     last_plot
    
    The following object is masked from 'package:stats':
    
     filter
    
    The following object is masked from 'package:graphics':
    
     layout
    
    PhantomJS not found. You can install it with webshot::install_phantomjs(). If it is installed, please make sure the phantomjs executable can be found via the PATH variable.
    Quitting from lines 61-70 (v3_analyzing_landing.Rmd)
    Error: processing vignette 'v3_analyzing_landing.Rmd' failed with diagnostics:
    invalid 'path' argument
    --- failed re-building ‘v3_analyzing_landing.Rmd’
    
    SUMMARY: processing the following file failed:
     ‘v3_analyzing_landing.Rmd’
    
    Error: Vignette re-building failed.
    Execution halted
Flavor: r-oldrel-macos-x86_64