Last updated on 2024-03-27 23:59:57 CET.
Flavor | Version | Tinstall | Tcheck | Ttotal | Status | Flags |
---|---|---|---|---|---|---|
r-devel-linux-x86_64-debian-clang | 0.1.2 | 4.76 | 40.51 | 45.27 | OK | |
r-devel-linux-x86_64-debian-gcc | 0.1.2 | 3.92 | 31.69 | 35.61 | OK | |
r-devel-linux-x86_64-fedora-clang | 0.1.2 | 56.74 | NOTE | |||
r-devel-linux-x86_64-fedora-gcc | 0.1.2 | 68.47 | OK | |||
r-devel-windows-x86_64 | 0.1.2 | 5.00 | 54.00 | 59.00 | NOTE | |
r-patched-linux-x86_64 | 0.1.2 | 4.99 | 38.62 | 43.61 | OK | |
r-release-linux-x86_64 | 0.1.2 | 4.42 | 38.35 | 42.77 | OK | |
r-release-macos-arm64 | 0.1.2 | 31.00 | NOTE | |||
r-release-macos-x86_64 | 0.1.2 | 47.00 | NOTE | |||
r-release-windows-x86_64 | 0.1.2 | 8.00 | 59.00 | 67.00 | NOTE | |
r-oldrel-macos-arm64 | 0.1.2 | 26.00 | NOTE | |||
r-oldrel-windows-x86_64 | 0.1.2 | 8.00 | 66.00 | 74.00 | NOTE |
Version: 0.1.2
Check: installed package size
Result: NOTE
installed size is 5.9Mb
sub-directories of 1Mb or more:
doc 5.1Mb
Flavors: r-devel-linux-x86_64-fedora-clang, r-devel-windows-x86_64, r-release-macos-arm64, r-release-macos-x86_64, r-release-windows-x86_64, r-oldrel-macos-arm64, r-oldrel-windows-x86_64