Last updated on 2023-05-22 17:01:33 CEST.
Flavor | Version | Tinstall | Tcheck | Ttotal | Status | Flags |
---|---|---|---|---|---|---|
r-devel-linux-x86_64-debian-clang | 1.3.8 | 90.96 | 90.52 | 181.48 | OK | |
r-devel-linux-x86_64-debian-gcc | 1.3.8 | 56.75 | 71.08 | 127.83 | OK | |
r-devel-linux-x86_64-fedora-clang | 1.3.8 | 229.08 | OK | |||
r-devel-linux-x86_64-fedora-gcc | 1.3.8 | 228.09 | OK | |||
r-devel-windows-x86_64 | 1.3.8 | 54.00 | 125.00 | 179.00 | OK | |
r-patched-linux-x86_64 | 1.3.8 | 59.64 | 90.38 | 150.02 | OK | |
r-release-linux-x86_64 | 1.3.8 | 57.56 | 86.05 | 143.61 | OK | |
r-release-macos-arm64 | 1.3.8 | 74.00 | NOTE | |||
r-release-macos-x86_64 | 1.3.8 | 128.00 | NOTE | |||
r-release-windows-x86_64 | 1.3.8 | 69.00 | 144.00 | 213.00 | OK | |
r-oldrel-macos-arm64 | 1.3.8 | 61.00 | NOTE | |||
r-oldrel-macos-x86_64 | 1.3.8 | 81.00 | NOTE | |||
r-oldrel-windows-x86_64 | 1.3.8 | 68.00 | 122.00 | 190.00 | OK |
Version: 1.3.8
Check: installed package size
Result: NOTE
installed size is 11.7Mb
sub-directories of 1Mb or more:
libs 10.2Mb
Flavors: r-release-macos-arm64, r-release-macos-x86_64, r-oldrel-macos-arm64, r-oldrel-macos-x86_64