Last updated on 2024-04-20 08:51:12 CEST.
Flavor | Version | Tinstall | Tcheck | Ttotal | Status | Flags |
---|---|---|---|---|---|---|
r-devel-linux-x86_64-debian-clang | 0.1.3 | 7.31 | 102.59 | 109.90 | NOTE | |
r-devel-linux-x86_64-debian-gcc | 0.1.3 | 7.07 | 75.87 | 82.94 | NOTE | |
r-devel-linux-x86_64-fedora-clang | 0.1.3 | 151.36 | NOTE | |||
r-devel-linux-x86_64-fedora-gcc | 0.1.3 | 164.34 | NOTE | |||
r-prerel-macos-arm64 | 0.1.3 | 49.00 | NOTE | |||
r-prerel-windows-x86_64 | 0.1.3 | 9.00 | 135.00 | 144.00 | NOTE | |
r-patched-linux-x86_64 | 0.1.3 | 10.60 | 99.57 | 110.17 | NOTE | |
r-release-linux-x86_64 | 0.1.3 | 6.45 | 98.32 | 104.77 | NOTE | |
r-release-macos-arm64 | 0.1.3 | 51.00 | NOTE | |||
r-release-macos-x86_64 | 0.1.3 | 85.00 | NOTE | |||
r-release-windows-x86_64 | 0.1.3 | 12.00 | 133.00 | 145.00 | NOTE | |
r-oldrel-macos-arm64 | 0.1.3 | 43.00 | NOTE | |||
r-oldrel-windows-x86_64 | 0.1.3 | 13.00 | 135.00 | 148.00 | NOTE |
Version: 0.1.3
Check: LazyData
Result: NOTE
'LazyData' is specified without a 'data' directory
Flavors: r-devel-linux-x86_64-debian-clang, r-devel-linux-x86_64-debian-gcc, r-devel-linux-x86_64-fedora-clang, r-devel-linux-x86_64-fedora-gcc, r-prerel-macos-arm64, r-prerel-windows-x86_64, r-patched-linux-x86_64, r-release-linux-x86_64, r-release-macos-arm64, r-release-macos-x86_64, r-release-windows-x86_64, r-oldrel-macos-arm64, r-oldrel-windows-x86_64