CRAN Package Check Results for Package shiny

Last updated on 2021-08-03 20:50:23 CEST.

Flavor Version Tinstall Tcheck Ttotal Status Flags
r-devel-linux-x86_64-debian-clang 1.6.0 40.19 133.09 173.28 OK
r-devel-linux-x86_64-debian-gcc 1.6.0 32.70 99.73 132.43 OK
r-devel-linux-x86_64-fedora-clang 1.6.0 216.23 NOTE
r-devel-linux-x86_64-fedora-gcc 1.6.0 209.35 OK
r-devel-windows-x86_64 1.6.0 43.00 168.00 211.00 NOTE
r-devel-windows-x86_64-gcc10-UCRT 1.6.0 OK
r-patched-linux-x86_64 1.6.0 43.40 126.75 170.15 OK
r-patched-solaris-x86 1.6.0 244.40 NOTE
r-release-linux-x86_64 1.6.0 34.11 126.51 160.62 OK
r-release-macos-arm64 1.6.0 ERROR
r-release-macos-x86_64 1.6.0 NOTE
r-release-windows-ix86+x86_64 1.6.0 64.00 169.00 233.00 NOTE
r-oldrel-macos-x86_64 1.6.0 NOTE
r-oldrel-windows-ix86+x86_64 1.6.0 47.00 173.00 220.00 NOTE

Check Details

Version: 1.6.0
Check: installed package size
Result: NOTE
     installed size is 12.0Mb
     sub-directories of 1Mb or more:
     R 1.7Mb
     www 9.0Mb
Flavors: r-devel-linux-x86_64-fedora-clang, r-devel-windows-x86_64, r-patched-solaris-x86, r-release-macos-arm64, r-release-macos-x86_64, r-release-windows-ix86+x86_64, r-oldrel-macos-x86_64, r-oldrel-windows-ix86+x86_64

Version: 1.6.0
Check: Rd cross-references
Result: NOTE
    Undeclared package ‘htmlwidgets’ in Rd xrefs
Flavor: r-devel-linux-x86_64-fedora-clang

Version: 1.6.0
Check: package dependencies
Result: NOTE
    Package suggested but not available for checking: ‘showtext’
Flavor: r-release-macos-arm64

Version: 1.6.0
Check: tests
Result: ERROR
     Running ‘test-all.R’ [12s/20s]
    Running the tests in ‘tests/test-all.R’ failed.
    Last 13 lines of output:
     17. │ │ │ └─domain$wrapSync(expr)
     18. │ │ │ └─base::force(expr)
     19. │ │ └─withr::with_options(...)
     20. │ │ └─base::force(code)
     21. │ └─rlang::eval_tidy(quosure, mask, rlang::caller_env())
     22. ├─testthat::expect_equal(output$fixed$width, 300) test-test-server.R:427:4
     23. │ └─testthat::quasi_label(enquo(object), label, arg = "object")
     24. │ └─rlang::eval_bare(expr, quo_get_env(quo))
     25. ├─output$fixed
     26. └─shiny:::`$.shinyoutput`(output, fixed)
     27. └─.subset2(x, "impl")$getOutput(name)
    
     [ FAIL 8 | WARN 433 | SKIP 8 | PASS 1331 ]
     Error: Test failures
     Execution halted
Flavor: r-release-macos-arm64