Last updated on 2024-03-29 15:54:51 CET.
Flavor | Version | Tinstall | Tcheck | Ttotal | Status | Flags |
---|---|---|---|---|---|---|
r-devel-linux-x86_64-debian-clang | 0.2.0 | 4.36 | 42.55 | 46.91 | NOTE | |
r-devel-linux-x86_64-debian-gcc | 0.2.0 | 3.96 | 32.22 | 36.18 | NOTE | |
r-devel-linux-x86_64-fedora-clang | 0.2.0 | 65.79 | NOTE | |||
r-devel-linux-x86_64-fedora-gcc | 0.2.0 | 59.48 | NOTE | |||
r-devel-windows-x86_64 | 0.2.0 | 6.00 | 54.00 | 60.00 | NOTE | |
r-patched-linux-x86_64 | 0.2.0 | 3.56 | 40.57 | 44.13 | NOTE | |
r-release-linux-x86_64 | 0.2.0 | 4.70 | 40.82 | 45.52 | OK | |
r-release-macos-arm64 | 0.2.0 | 21.00 | OK | |||
r-release-macos-x86_64 | 0.2.0 | 31.00 | OK | |||
r-release-windows-x86_64 | 0.2.0 | 7.00 | 57.00 | 64.00 | OK | |
r-oldrel-macos-arm64 | 0.2.0 | 23.00 | OK | |||
r-oldrel-windows-x86_64 | 0.2.0 | 7.00 | 72.00 | 79.00 | OK |
Version: 0.2.0
Check: Rd files
Result: NOTE
checkRd: (-1) display.Rd:17: Lost braces; missing escapes or markup?
17 | div which wraps your message to display it in the {position} corner of your shiny app.
| ^
checkRd: (-1) info_value.Rd:15: Lost braces; missing escapes or markup?
15 | div which wraps rendered value to display it in the {position} corner of your shiny app.
| ^
Flavors: r-devel-linux-x86_64-debian-clang, r-devel-linux-x86_64-debian-gcc, r-devel-linux-x86_64-fedora-clang, r-devel-linux-x86_64-fedora-gcc, r-devel-windows-x86_64, r-patched-linux-x86_64