CRAN Package Check Results for Package shiny.pwa

Last updated on 2024-06-25 08:48:27 CEST.

Flavor Version Tinstall Tcheck Ttotal Status Flags
r-devel-linux-x86_64-debian-clang 0.2.1 6.71 47.22 53.93 NOTE
r-devel-linux-x86_64-debian-gcc 0.2.1 4.03 35.19 39.22 NOTE
r-devel-linux-x86_64-fedora-clang 0.2.1 66.55 NOTE
r-devel-linux-x86_64-fedora-gcc 0.2.1 60.37 NOTE
r-devel-windows-x86_64 0.2.1 7.00 54.00 61.00 NOTE
r-patched-linux-x86_64 0.2.1 5.36 44.93 50.29 NOTE
r-release-linux-x86_64 0.2.1 3.72 43.44 47.16 NOTE
r-release-macos-arm64 0.2.1 23.00 NOTE
r-release-macos-x86_64 0.2.1 32.00 NOTE
r-release-windows-x86_64 0.2.1 8.00 56.00 64.00 NOTE
r-oldrel-macos-arm64 0.2.1 25.00 NOTE
r-oldrel-macos-x86_64 0.2.1 34.00 NOTE
r-oldrel-windows-x86_64 0.2.1 9.00 62.00 71.00 NOTE

Check Details

Version: 0.2.1
Check: package subdirectories
Result: NOTE Problems with news in ‘NEWS.md’: No news entries found. Flavors: r-devel-linux-x86_64-debian-clang, r-devel-linux-x86_64-debian-gcc, r-devel-linux-x86_64-fedora-clang, r-devel-linux-x86_64-fedora-gcc, r-devel-windows-x86_64, r-patched-linux-x86_64, r-release-linux-x86_64, r-release-macos-arm64, r-release-macos-x86_64, r-release-windows-x86_64, r-oldrel-macos-arm64, r-oldrel-macos-x86_64, r-oldrel-windows-x86_64