Last updated on 2024-04-23 16:58:29 CEST.
Flavor | Version | Tinstall | Tcheck | Ttotal | Status | Flags |
---|---|---|---|---|---|---|
r-devel-linux-x86_64-debian-clang | 0.2.1 | 6.41 | 45.69 | 52.10 | NOTE | |
r-devel-linux-x86_64-debian-gcc | 0.2.1 | 4.52 | 34.73 | 39.25 | NOTE | |
r-devel-linux-x86_64-fedora-clang | 0.2.1 | 67.35 | NOTE | |||
r-devel-linux-x86_64-fedora-gcc | 0.2.1 | 60.67 | NOTE | |||
r-prerel-macos-arm64 | 0.2.1 | 23.00 | NOTE | |||
r-prerel-windows-x86_64 | 0.2.1 | 8.00 | 55.00 | 63.00 | NOTE | |
r-patched-linux-x86_64 | 0.2.1 | 5.48 | 44.86 | 50.34 | NOTE | |
r-release-linux-x86_64 | 0.2.1 | 3.52 | 44.91 | 48.43 | NOTE | |
r-release-macos-arm64 | 0.2.1 | 25.00 | NOTE | |||
r-release-macos-x86_64 | 0.2.1 | 34.00 | NOTE | |||
r-release-windows-x86_64 | 0.2.1 | 8.00 | 59.00 | 67.00 | NOTE | |
r-oldrel-macos-arm64 | 0.2.1 | 24.00 | OK | |||
r-oldrel-windows-x86_64 | 0.2.1 | 8.00 | 63.00 | 71.00 | OK |
Version: 0.2.1
Check: package subdirectories
Result: NOTE
Problems with news in ‘NEWS.md’:
No news entries found.
Flavors: r-devel-linux-x86_64-debian-clang, r-devel-linux-x86_64-debian-gcc, r-devel-linux-x86_64-fedora-clang, r-devel-linux-x86_64-fedora-gcc, r-prerel-macos-arm64, r-prerel-windows-x86_64, r-patched-linux-x86_64, r-release-linux-x86_64, r-release-macos-arm64, r-release-macos-x86_64, r-release-windows-x86_64