Last updated on 2023-12-09 00:52:53 CET.
Flavor | Version | Tinstall | Tcheck | Ttotal | Status | Flags |
---|---|---|---|---|---|---|
r-devel-linux-x86_64-debian-clang | 0.2.1 | 5.32 | 47.20 | 52.52 | NOTE | |
r-devel-linux-x86_64-debian-gcc | 0.2.1 | 4.54 | 35.04 | 39.58 | NOTE | |
r-devel-linux-x86_64-fedora-clang | 0.2.1 | 64.16 | NOTE | |||
r-devel-linux-x86_64-fedora-gcc | 0.2.1 | 65.10 | NOTE | |||
r-devel-windows-x86_64 | 0.2.1 | 6.00 | 56.00 | 62.00 | NOTE | |
r-patched-linux-x86_64 | 0.2.1 | 3.43 | 43.98 | 47.41 | NOTE | |
r-release-linux-x86_64 | 0.2.1 | 3.43 | 43.80 | 47.23 | NOTE | |
r-release-macos-arm64 | 0.2.1 | 25.00 | NOTE | |||
r-release-macos-x86_64 | 0.2.1 | 34.00 | NOTE | |||
r-release-windows-x86_64 | 0.2.1 | 8.00 | 60.00 | 68.00 | NOTE | |
r-oldrel-macos-arm64 | 0.2.1 | 24.00 | OK | |||
r-oldrel-macos-x86_64 | 0.2.1 | 37.00 | OK | |||
r-oldrel-windows-x86_64 | 0.2.1 | 8.00 | 64.00 | 72.00 | OK |
Version: 0.2.1
Check: package subdirectories
Result: NOTE
Problems with news in ‘NEWS.md’:
No news entries found.
Flavors: r-devel-linux-x86_64-debian-clang, r-devel-linux-x86_64-debian-gcc, r-devel-linux-x86_64-fedora-clang, r-devel-linux-x86_64-fedora-gcc, r-devel-windows-x86_64, r-patched-linux-x86_64, r-release-linux-x86_64, r-release-macos-arm64, r-release-macos-x86_64, r-release-windows-x86_64