CRAN Package Check Results for Package shiny.pwa

Last updated on 2023-05-28 23:14:10 CEST.

Flavor Version Tinstall Tcheck Ttotal Status Flags
r-devel-linux-x86_64-debian-clang 0.2.1 6.27 46.04 52.31 NOTE
r-devel-linux-x86_64-debian-gcc 0.2.1 4.19 35.48 39.67 NOTE
r-devel-linux-x86_64-fedora-clang 0.2.1 63.61 NOTE
r-devel-linux-x86_64-fedora-gcc 0.2.1 59.05 NOTE
r-devel-windows-x86_64 0.2.1 7.00 55.00 62.00 NOTE
r-patched-linux-x86_64 0.2.1 4.25 42.81 47.06 NOTE
r-release-linux-x86_64 0.2.1 3.57 43.08 46.65 NOTE
r-release-macos-arm64 0.2.1 25.00 NOTE
r-release-macos-x86_64 0.2.1 34.00 NOTE
r-release-windows-x86_64 0.2.1 8.00 61.00 69.00 NOTE
r-oldrel-macos-arm64 0.2.1 24.00 OK
r-oldrel-macos-x86_64 0.2.1 37.00 OK
r-oldrel-windows-x86_64 0.2.1 8.00 64.00 72.00 OK

Check Details

Version: 0.2.1
Check: package subdirectories
Result: NOTE
    Problems with news in ‘NEWS.md’:
    No news entries found.
Flavors: r-devel-linux-x86_64-debian-clang, r-devel-linux-x86_64-debian-gcc, r-devel-linux-x86_64-fedora-clang, r-devel-linux-x86_64-fedora-gcc, r-devel-windows-x86_64, r-patched-linux-x86_64, r-release-linux-x86_64, r-release-macos-arm64, r-release-macos-x86_64, r-release-windows-x86_64