CRAN Package Check Results for Package shiny.semantic

Last updated on 2021-09-21 04:55:36 CEST.

Flavor Version Tinstall Tcheck Ttotal Status Flags
r-devel-linux-x86_64-debian-clang 0.4.2 7.12 51.52 58.64 NOTE
r-devel-linux-x86_64-debian-gcc 0.4.2 5.48 41.20 46.68 NOTE
r-devel-linux-x86_64-fedora-clang 0.4.2 77.57 NOTE
r-devel-linux-x86_64-fedora-gcc 0.4.2 68.37 NOTE
r-devel-windows-x86_64 0.4.2 12.00 61.00 73.00 NOTE
r-devel-windows-x86_64-gcc10-UCRT 0.4.2 ERROR
r-patched-linux-x86_64 0.4.2 7.57 50.17 57.74 NOTE
r-patched-solaris-x86 0.4.2 99.50 NOTE
r-release-linux-x86_64 0.4.2 6.52 50.47 56.99 NOTE
r-release-macos-arm64 0.4.2 NOTE
r-release-macos-x86_64 0.4.2 NOTE
r-release-windows-ix86+x86_64 0.4.2 15.00 60.00 75.00 NOTE
r-oldrel-macos-x86_64 0.4.2 NOTE
r-oldrel-windows-ix86+x86_64 0.4.2 16.00 61.00 77.00 NOTE

Check Details

Version: 0.4.2
Check: LazyData
Result: NOTE
     'LazyData' is specified without a 'data' directory
Flavors: r-devel-linux-x86_64-debian-clang, r-devel-linux-x86_64-debian-gcc, r-devel-linux-x86_64-fedora-clang, r-devel-linux-x86_64-fedora-gcc, r-devel-windows-x86_64, r-devel-windows-x86_64-gcc10-UCRT, r-patched-linux-x86_64, r-patched-solaris-x86, r-release-linux-x86_64, r-release-macos-arm64, r-release-macos-x86_64, r-release-windows-ix86+x86_64

Version: 0.4.2
Check: installed package size
Result: NOTE
     installed size is 10.9Mb
     sub-directories of 1Mb or more:
     help 2.5Mb
     www 8.1Mb
Flavors: r-devel-linux-x86_64-fedora-clang, r-devel-windows-x86_64, r-patched-solaris-x86, r-release-macos-arm64, r-release-macos-x86_64, r-release-windows-ix86+x86_64, r-oldrel-macos-x86_64, r-oldrel-windows-ix86+x86_64

Version: 0.4.2
Check: whether package can be installed
Result: WARN
    Found the following significant warnings:
     WARNING: installation-time patches will not be applied, could not get the patches index
Flavor: r-devel-windows-x86_64-gcc10-UCRT

Version: 0.4.2
Check: PDF version of manual
Result: WARN
    LaTeX errors when creating PDF version.
    This typically indicates Rd problems.
Flavor: r-devel-windows-x86_64-gcc10-UCRT

Version: 0.4.2
Check: PDF version of manual without hyperrefs or index
Result: ERROR
    Re-running with no redirection of stdout/stderr.
Flavor: r-devel-windows-x86_64-gcc10-UCRT