CRAN Package Check Results for Package shinyChakraUI

Last updated on 2022-09-28 00:52:54 CEST.

Flavor Version Tinstall Tcheck Ttotal Status Flags
r-devel-linux-x86_64-debian-clang 1.1.1 7.29 51.38 58.67 OK
r-devel-linux-x86_64-debian-gcc 1.1.1 5.41 40.12 45.53 OK
r-devel-linux-x86_64-fedora-clang 1.1.1 89.36 NOTE
r-devel-linux-x86_64-fedora-gcc 1.1.1 79.58 OK
r-devel-windows-x86_64 1.1.1 64.00 88.00 152.00 NOTE
r-patched-linux-x86_64 1.1.1 8.66 50.36 59.02 OK
r-release-linux-x86_64 1.1.1 7.02 49.44 56.46 OK
r-release-macos-arm64 1.1.1 24.00 NOTE
r-release-macos-x86_64 1.1.1 51.00 NOTE
r-release-windows-x86_64 1.1.1 77.00 85.00 162.00 NOTE
r-oldrel-macos-arm64 1.1.1 23.00 NOTE
r-oldrel-macos-x86_64 1.1.1 38.00 NOTE
r-oldrel-windows-ix86+x86_64 1.1.1 19.00 78.00 97.00 NOTE

Check Details

Version: 1.1.1
Check: installed package size
Result: NOTE
     installed size is 20.6Mb
     sub-directories of 1Mb or more:
     www 19.7Mb
Flavors: r-devel-linux-x86_64-fedora-clang, r-devel-windows-x86_64, r-release-macos-arm64, r-release-macos-x86_64, r-release-windows-x86_64, r-oldrel-macos-arm64, r-oldrel-macos-x86_64, r-oldrel-windows-ix86+x86_64