Last updated on 2024-04-25 08:00:07 CEST.
Flavor | Version | Tinstall | Tcheck | Ttotal | Status | Flags |
---|---|---|---|---|---|---|
r-devel-linux-x86_64-debian-clang | 1.1.0 | 6.68 | 45.53 | 52.21 | OK | |
r-devel-linux-x86_64-debian-gcc | 1.2.0 | 4.80 | 34.31 | 39.11 | OK | |
r-devel-linux-x86_64-fedora-clang | 1.2.0 | 66.48 | NOTE | |||
r-devel-linux-x86_64-fedora-gcc | 1.2.0 | 66.24 | OK | |||
r-devel-windows-x86_64 | 1.1.0 | 6.00 | 53.00 | 59.00 | NOTE | |
r-patched-linux-x86_64 | 1.1.0 | 5.52 | 42.62 | 48.14 | OK | |
r-release-linux-x86_64 | 1.1.0 | 5.43 | 43.42 | 48.85 | OK | |
r-release-macos-arm64 | 1.2.0 | 24.00 | NOTE | |||
r-release-macos-x86_64 | 1.2.0 | 49.00 | NOTE | |||
r-release-windows-x86_64 | 1.1.0 | 6.00 | 52.00 | 58.00 | NOTE | |
r-oldrel-macos-arm64 | 1.2.0 | 26.00 | NOTE | |||
r-oldrel-macos-x86_64 | 1.2.0 | 40.00 | NOTE | |||
r-oldrel-windows-x86_64 | 1.1.0 | 9.00 | 60.00 | 69.00 | NOTE |
Version: 1.2.0
Check: installed package size
Result: NOTE
installed size is 7.8Mb
sub-directories of 1Mb or more:
www 7.6Mb
Flavors: r-devel-linux-x86_64-fedora-clang, r-release-macos-arm64, r-release-macos-x86_64, r-oldrel-macos-arm64, r-oldrel-macos-x86_64
Version: 1.1.0
Check: installed package size
Result: NOTE
installed size is 7.6Mb
sub-directories of 1Mb or more:
www 7.6Mb
Flavors: r-devel-windows-x86_64, r-release-windows-x86_64, r-oldrel-windows-x86_64