CRAN Package Check Results for Package shinyFeedback

Last updated on 2021-09-23 20:52:30 CEST.

Flavor Version Tinstall Tcheck Ttotal Status Flags
r-devel-linux-x86_64-debian-clang 0.3.0 3.58 36.76 40.34 NOTE
r-devel-linux-x86_64-debian-gcc 0.3.0 2.75 29.99 32.74 NOTE
r-devel-linux-x86_64-fedora-clang 0.3.0 56.98 NOTE
r-devel-linux-x86_64-fedora-gcc 0.3.0 47.80 NOTE
r-devel-windows-x86_64 0.3.0 6.00 49.00 55.00 NOTE
r-devel-windows-x86_64-gcc10-UCRT 0.3.0 NOTE
r-patched-linux-x86_64 0.3.0 3.75 36.88 40.63 NOTE
r-patched-solaris-x86 0.3.0 75.30 NOTE
r-release-linux-x86_64 0.3.0 3.65 37.49 41.14 NOTE
r-release-macos-arm64 0.3.0 NOTE
r-release-macos-x86_64 0.3.0 NOTE
r-release-windows-ix86+x86_64 0.3.0 9.00 47.00 56.00 NOTE
r-oldrel-macos-x86_64 0.3.0 OK
r-oldrel-windows-ix86+x86_64 0.3.0 6.00 45.00 51.00 OK

Check Details

Version: 0.3.0
Check: LazyData
Result: NOTE
     'LazyData' is specified without a 'data' directory
Flavors: r-devel-linux-x86_64-debian-clang, r-devel-linux-x86_64-debian-gcc, r-devel-linux-x86_64-fedora-clang, r-devel-linux-x86_64-fedora-gcc, r-devel-windows-x86_64, r-devel-windows-x86_64-gcc10-UCRT, r-patched-linux-x86_64, r-patched-solaris-x86, r-release-linux-x86_64, r-release-macos-arm64, r-release-macos-x86_64, r-release-windows-ix86+x86_64