CRAN Package Check Results for Package shinyML

Last updated on 2021-09-21 04:55:36 CEST.

Flavor Version Tinstall Tcheck Ttotal Status Flags
r-devel-linux-x86_64-debian-clang 1.0.1 14.83 101.97 116.80 NOTE
r-devel-linux-x86_64-debian-gcc 1.0.1 11.27 76.29 87.56 NOTE
r-devel-linux-x86_64-fedora-clang 1.0.1 142.54 NOTE
r-devel-linux-x86_64-fedora-gcc 1.0.1 135.08 NOTE
r-devel-windows-x86_64 1.0.1 19.00 97.00 116.00 NOTE
r-devel-windows-x86_64-gcc10-UCRT 1.0.1 ERROR
r-patched-linux-x86_64 1.0.1 12.41 97.50 109.91 NOTE
r-patched-solaris-x86 1.0.1 190.00 NOTE
r-release-linux-x86_64 1.0.1 13.66 95.71 109.37 NOTE
r-release-macos-arm64 1.0.1 NOTE
r-release-macos-x86_64 1.0.1 NOTE
r-release-windows-ix86+x86_64 1.0.1 31.00 90.00 121.00 NOTE
r-oldrel-macos-x86_64 1.0.1 OK
r-oldrel-windows-ix86+x86_64 1.0.1 34.00 89.00 123.00 OK

Check Details

Version: 1.0.1
Check: LazyData
Result: NOTE
     'LazyData' is specified without a 'data' directory
Flavors: r-devel-linux-x86_64-debian-clang, r-devel-linux-x86_64-debian-gcc, r-devel-linux-x86_64-fedora-clang, r-devel-linux-x86_64-fedora-gcc, r-devel-windows-x86_64, r-devel-windows-x86_64-gcc10-UCRT, r-patched-linux-x86_64, r-patched-solaris-x86, r-release-linux-x86_64, r-release-macos-arm64, r-release-macos-x86_64, r-release-windows-ix86+x86_64

Version: 1.0.1
Check: whether package can be installed
Result: WARN
    Found the following significant warnings:
     WARNING: installation-time patches will not be applied, could not get the patches index
Flavor: r-devel-windows-x86_64-gcc10-UCRT

Version: 1.0.1
Check: PDF version of manual
Result: WARN
    LaTeX errors when creating PDF version.
    This typically indicates Rd problems.
Flavor: r-devel-windows-x86_64-gcc10-UCRT

Version: 1.0.1
Check: PDF version of manual without hyperrefs or index
Result: ERROR
    Re-running with no redirection of stdout/stderr.
Flavor: r-devel-windows-x86_64-gcc10-UCRT