Last updated on 2024-03-27 23:59:57 CET.
Flavor | Version | Tinstall | Tcheck | Ttotal | Status | Flags |
---|---|---|---|---|---|---|
r-devel-linux-x86_64-debian-clang | 0.2 | 9.88 | 76.30 | 86.18 | NOTE | |
r-devel-linux-x86_64-debian-gcc | 0.2 | 7.83 | 57.12 | 64.95 | NOTE | |
r-devel-linux-x86_64-fedora-clang | 0.2 | 106.35 | NOTE | |||
r-devel-linux-x86_64-fedora-gcc | 0.2 | 101.51 | NOTE | |||
r-devel-windows-x86_64 | 0.2 | 9.00 | 72.00 | 81.00 | NOTE | |
r-patched-linux-x86_64 | 0.2 | 8.29 | 71.17 | 79.46 | NOTE | |
r-release-linux-x86_64 | 0.2 | 6.31 | 72.97 | 79.28 | NOTE | |
r-release-macos-arm64 | 0.2 | 35.00 | NOTE | |||
r-release-macos-x86_64 | 0.2 | 54.00 | NOTE | |||
r-release-windows-x86_64 | 0.2 | 12.00 | 87.00 | 99.00 | NOTE | |
r-oldrel-macos-arm64 | 0.2 | 35.00 | NOTE | |||
r-oldrel-windows-x86_64 | 0.2 | 12.00 | 93.00 | 105.00 | NOTE |
Version: 0.2
Check: LazyData
Result: NOTE
'LazyData' is specified without a 'data' directory
Flavors: r-devel-linux-x86_64-debian-clang, r-devel-linux-x86_64-debian-gcc, r-devel-linux-x86_64-fedora-clang, r-devel-linux-x86_64-fedora-gcc, r-devel-windows-x86_64, r-patched-linux-x86_64, r-release-linux-x86_64, r-release-macos-arm64, r-release-macos-x86_64, r-release-windows-x86_64, r-oldrel-macos-arm64, r-oldrel-windows-x86_64