Last updated on 2023-06-05 16:55:07 CEST.
Flavor | Version | Tinstall | Tcheck | Ttotal | Status | Flags |
---|---|---|---|---|---|---|
r-devel-linux-x86_64-debian-clang | 0.1.1 | 1.59 | 20.46 | 22.05 | NOTE | |
r-devel-linux-x86_64-debian-gcc | 0.1.1 | 1.46 | 16.30 | 17.76 | NOTE | |
r-devel-linux-x86_64-fedora-clang | 0.1.1 | 28.92 | NOTE | |||
r-devel-linux-x86_64-fedora-gcc | 0.1.1 | 26.98 | NOTE | |||
r-devel-windows-x86_64 | 0.1.1 | 4.00 | 38.00 | 42.00 | NOTE | |
r-patched-linux-x86_64 | 0.1.1 | 2.02 | 20.01 | 22.03 | NOTE | |
r-release-linux-x86_64 | 0.1.1 | 1.79 | 20.10 | 21.89 | NOTE | |
r-release-macos-arm64 | 0.1.1 | 16.00 | NOTE | |||
r-release-macos-x86_64 | 0.1.1 | 19.00 | NOTE | |||
r-release-windows-x86_64 | 0.1.1 | 3.00 | 37.00 | 40.00 | NOTE | |
r-oldrel-macos-arm64 | 0.1.1 | 16.00 | NOTE | |||
r-oldrel-macos-x86_64 | 0.1.1 | 20.00 | NOTE | |||
r-oldrel-windows-x86_64 | 0.1.1 | 3.00 | 42.00 | 45.00 | NOTE |
Version: 0.1.1
Check: LazyData
Result: NOTE
'LazyData' is specified without a 'data' directory
Flavors: r-devel-linux-x86_64-debian-clang, r-devel-linux-x86_64-debian-gcc, r-devel-linux-x86_64-fedora-clang, r-devel-linux-x86_64-fedora-gcc, r-devel-windows-x86_64, r-patched-linux-x86_64, r-release-linux-x86_64, r-release-macos-arm64, r-release-macos-x86_64, r-release-windows-x86_64, r-oldrel-macos-arm64, r-oldrel-macos-x86_64, r-oldrel-windows-x86_64