CRAN Package Check Results for Package shinySbm

Last updated on 2024-02-21 00:54:41 CET.

Flavor Version Tinstall Tcheck Ttotal Status Flags
r-devel-linux-x86_64-debian-clang 0.1.5 NOTE
r-devel-linux-x86_64-debian-gcc 0.1.5 18.98 136.34 155.32 NOTE
r-devel-linux-x86_64-fedora-clang 0.1.5 246.64 OK
r-devel-linux-x86_64-fedora-gcc 0.1.5 271.78 OK
r-devel-windows-x86_64 0.1.5 21.00 147.00 168.00 OK
r-patched-linux-x86_64 0.1.5 18.57 175.52 194.09 OK
r-release-linux-x86_64 0.1.5 17.94 179.27 197.21 OK
r-release-macos-arm64 0.1.5 122.00 OK
r-release-macos-x86_64 0.1.5 198.00 OK
r-release-windows-x86_64 0.1.5 26.00 177.00 203.00 OK
r-oldrel-macos-arm64 0.1.5 97.00 OK
r-oldrel-windows-x86_64 0.1.5 27.00 182.00 209.00 OK

Check Details

Version: 0.1.5
Check: Rd files
Result: NOTE checkRd: (-1) FungusTreeNetwork.Rd:15-21: Lost braces in \itemize; meant \describe ? checkRd: (-1) FungusTreeNetwork.Rd:22-28: Lost braces in \itemize; meant \describe ? checkRd: (-1) FungusTreeNetwork.Rd:33-34: Lost braces in \itemize; meant \describe ? checkRd: (-1) FungusTreeNetwork.Rd:33: Lost braces; missing escapes or markup? 33 | \item{tree_tree}{Results of \code{estimateSimpleSBM} for {sbm} | ^ checkRd: (-1) FungusTreeNetwork.Rd:35-36: Lost braces in \itemize; meant \describe ? checkRd: (-1) FungusTreeNetwork.Rd:35: Lost braces; missing escapes or markup? 35 | \item{fungus_tree}{Results of \code{estimateBipartiteSBM} for {sbm} | ^ checkRd: (-1) get_block.BipartiteSBM_fit.Rd:30: Lost braces; missing escapes or markup? 30 | A fct that return blocks attribution or probabilities for each nodes in a Sbm fit from the {sbm} package. | ^ checkRd: (-1) get_block.Rd:36: Lost braces; missing escapes or markup? 36 | A fct that return blocks attribution or probabilities for each nodes in a Sbm fit from the {sbm} package. | ^ checkRd: (-1) get_block.Rd:21: Lost braces in \itemize; meant \describe ? checkRd: (-1) get_block.Rd:22: Lost braces in \itemize; meant \describe ? checkRd: (-1) get_block.Rd:31: Lost braces in \itemize; \value handles \item{}{} directly checkRd: (-1) get_block.Rd:32: Lost braces in \itemize; \value handles \item{}{} directly checkRd: (-1) get_block.SimpleSBM_fit.Rd:30: Lost braces; missing escapes or markup? 30 | A fct that return blocks attribution or probabilities for each nodes in a Sbm fit from the {sbm} package. | ^ checkRd: (-1) get_flextable.Rd:15: Lost braces; missing escapes or markup? 15 | \item{sbm}{an sbm model product of {sbm} estimation (simple or bipartite)} | ^ checkRd: (-1) get_flextable.Rd:34: Lost braces in \itemize; meant \describe ? checkRd: (-1) get_flextable.Rd:35: Lost braces in \itemize; meant \describe ? checkRd: (-1) get_flextable.Rd:36: Lost braces in \itemize; meant \describe ? checkRd: (-1) get_flextable.Rd:42: Lost braces in \itemize; meant \describe ? checkRd: (-1) get_flextable.Rd:43: Lost braces in \itemize; meant \describe ? checkRd: (-1) get_flextable.Rd:44: Lost braces in \itemize; meant \describe ? checkRd: (-1) get_flextable.Rd:45: Lost braces in \itemize; meant \describe ? checkRd: (-1) plotSbm.BipartiteSBM_fit.Rd:37: Lost braces in \itemize; meant \describe ? checkRd: (-1) plotSbm.BipartiteSBM_fit.Rd:38: Lost braces in \itemize; meant \describe ? checkRd: (-1) plotSbm.BipartiteSBM_fit.Rd:39: Lost braces in \itemize; meant \describe ? checkRd: (-1) plotSbm.BipartiteSBM_fit.Rd:40: Lost braces in \itemize; meant \describe ? checkRd: (-1) plotSbm.BipartiteSBM_fit.Rd:41: Lost braces in \itemize; meant \describe ? checkRd: (-1) plotSbm.BipartiteSBM_fit.Rd:42: Lost braces in \itemize; meant \describe ? checkRd: (-1) plotSbm.BipartiteSBM_fit.Rd:43: Lost braces in \itemize; meant \describe ? checkRd: (-1) plotSbm.Rd:40: Lost braces in \itemize; meant \describe ? checkRd: (-1) plotSbm.Rd:41: Lost braces in \itemize; meant \describe ? checkRd: (-1) plotSbm.Rd:42: Lost braces in \itemize; meant \describe ? checkRd: (-1) plotSbm.Rd:43: Lost braces in \itemize; meant \describe ? checkRd: (-1) plotSbm.Rd:44: Lost braces in \itemize; meant \describe ? checkRd: (-1) plotSbm.Rd:45: Lost braces in \itemize; meant \describe ? checkRd: (-1) plotSbm.Rd:46: Lost braces in \itemize; meant \describe ? checkRd: (-1) plotSbm.SimpleSBM_fit.Rd:37: Lost braces in \itemize; meant \describe ? checkRd: (-1) plotSbm.SimpleSBM_fit.Rd:38: Lost braces in \itemize; meant \describe ? checkRd: (-1) plotSbm.SimpleSBM_fit.Rd:39: Lost braces in \itemize; meant \describe ? checkRd: (-1) plotSbm.SimpleSBM_fit.Rd:40: Lost braces in \itemize; meant \describe ? checkRd: (-1) plotSbm.SimpleSBM_fit.Rd:41: Lost braces in \itemize; meant \describe ? checkRd: (-1) plotSbm.SimpleSBM_fit.Rd:42: Lost braces in \itemize; meant \describe ? checkRd: (-1) plotSbm.SimpleSBM_fit.Rd:43: Lost braces in \itemize; meant \describe ? checkRd: (-1) plotSbm.matrix.Rd:37: Lost braces in \itemize; meant \describe ? checkRd: (-1) plotSbm.matrix.Rd:38: Lost braces in \itemize; meant \describe ? checkRd: (-1) plotSbm.matrix.Rd:39: Lost braces in \itemize; meant \describe ? checkRd: (-1) plotSbm.matrix.Rd:40: Lost braces in \itemize; meant \describe ? checkRd: (-1) plotSbm.matrix.Rd:41: Lost braces in \itemize; meant \describe ? checkRd: (-1) plotSbm.matrix.Rd:42: Lost braces in \itemize; meant \describe ? checkRd: (-1) plotSbm.matrix.Rd:43: Lost braces in \itemize; meant \describe ? checkRd: (-1) visSbm.BipartiteSBM_fit.Rd:38: Lost braces; missing escapes or markup? 38 | A fct that plot a {visNetwork} plot of a adjacency matrix or an Sbm fit from the {sbm} package. | ^ checkRd: (-1) visSbm.BipartiteSBM_fit.Rd:38: Lost braces; missing escapes or markup? 38 | A fct that plot a {visNetwork} plot of a adjacency matrix or an Sbm fit from the {sbm} package. | ^ checkRd: (-1) visSbm.BipartiteSBM_fit.Rd:25: Lost braces in \itemize; meant \describe ? checkRd: (-1) visSbm.BipartiteSBM_fit.Rd:26: Lost braces in \itemize; meant \describe ? checkRd: (-1) visSbm.BipartiteSBM_fit.Rd:43-44: Lost braces in \itemize; meant \describe ? checkRd: (-1) visSbm.BipartiteSBM_fit.Rd:45: Lost braces in \itemize; meant \describe ? checkRd: (-1) visSbm.BipartiteSBM_fit.Rd:46: Lost braces in \itemize; meant \describe ? checkRd: (-1) visSbm.BipartiteSBM_fit.Rd:47: Lost braces in \itemize; meant \describe ? checkRd: (-1) visSbm.BipartiteSBM_fit.Rd:48: Lost braces in \itemize; meant \describe ? checkRd: (-1) visSbm.BipartiteSBM_fit.Rd:49: Lost braces in \itemize; meant \describe ? checkRd: (-1) visSbm.BipartiteSBM_fit.Rd:50: Lost braces in \itemize; meant \describe ? checkRd: (-1) visSbm.BipartiteSBM_fit.Rd:51: Lost braces in \itemize; meant \describe ? checkRd: (-1) visSbm.Rd:38: Lost braces; missing escapes or markup? 38 | A fct that plot a {visNetwork} plot of a adjacency matrix or an Sbm fit from the {sbm} package. | ^ checkRd: (-1) visSbm.Rd:38: Lost braces; missing escapes or markup? 38 | A fct that plot a {visNetwork} plot of a adjacency matrix or an Sbm fit from the {sbm} package. | ^ checkRd: (-1) visSbm.Rd:25: Lost braces in \itemize; meant \describe ? checkRd: (-1) visSbm.Rd:26: Lost braces in \itemize; meant \describe ? checkRd: (-1) visSbm.Rd:43-44: Lost braces in \itemize; meant \describe ? checkRd: (-1) visSbm.Rd:45: Lost braces in \itemize; meant \describe ? checkRd: (-1) visSbm.Rd:46: Lost braces in \itemize; meant \describe ? checkRd: (-1) visSbm.Rd:47: Lost braces in \itemize; meant \describe ? checkRd: (-1) visSbm.Rd:48: Lost braces in \itemize; meant \describe ? checkRd: (-1) visSbm.Rd:49: Lost braces in \itemize; meant \describe ? checkRd: (-1) visSbm.Rd:50: Lost braces in \itemize; meant \describe ? checkRd: (-1) visSbm.Rd:51: Lost braces in \itemize; meant \describe ? checkRd: (-1) visSbm.SimpleSBM_fit.Rd:38: Lost braces; missing escapes or markup? 38 | A fct that plot a {visNetwork} plot of a adjacency matrix or an Sbm fit from the {sbm} package. | ^ checkRd: (-1) visSbm.SimpleSBM_fit.Rd:38: Lost braces; missing escapes or markup? 38 | A fct that plot a {visNetwork} plot of a adjacency matrix or an Sbm fit from the {sbm} package. | ^ checkRd: (-1) visSbm.SimpleSBM_fit.Rd:25: Lost braces in \itemize; meant \describe ? checkRd: (-1) visSbm.SimpleSBM_fit.Rd:26: Lost braces in \itemize; meant \describe ? checkRd: (-1) visSbm.SimpleSBM_fit.Rd:43-44: Lost braces in \itemize; meant \describe ? checkRd: (-1) visSbm.SimpleSBM_fit.Rd:45: Lost braces in \itemize; meant \describe ? checkRd: (-1) visSbm.SimpleSBM_fit.Rd:46: Lost braces in \itemize; meant \describe ? checkRd: (-1) visSbm.SimpleSBM_fit.Rd:47: Lost braces in \itemize; meant \describe ? checkRd: (-1) visSbm.SimpleSBM_fit.Rd:48: Lost braces in \itemize; meant \describe ? checkRd: (-1) visSbm.SimpleSBM_fit.Rd:49: Lost braces in \itemize; meant \describe ? checkRd: (-1) visSbm.SimpleSBM_fit.Rd:50: Lost braces in \itemize; meant \describe ? checkRd: (-1) visSbm.SimpleSBM_fit.Rd:51: Lost braces in \itemize; meant \describe ? checkRd: (-1) visSbm.default.Rd:38: Lost braces; missing escapes or markup? 38 | A fct that plot a {visNetwork} plot of a adjacency matrix or an Sbm fit from the {sbm} package. | ^ checkRd: (-1) visSbm.default.Rd:38: Lost braces; missing escapes or markup? 38 | A fct that plot a {visNetwork} plot of a adjacency matrix or an Sbm fit from the {sbm} package. | ^ checkRd: (-1) visSbm.default.Rd:25: Lost braces in \itemize; meant \describe ? checkRd: (-1) visSbm.default.Rd:26: Lost braces in \itemize; meant \describe ? checkRd: (-1) visSbm.default.Rd:43-44: Lost braces in \itemize; meant \describe ? checkRd: (-1) visSbm.default.Rd:45: Lost braces in \itemize; meant \describe ? checkRd: (-1) visSbm.default.Rd:46: Lost braces in \itemize; meant \describe ? checkRd: (-1) visSbm.default.Rd:47: Lost braces in \itemize; meant \describe ? checkRd: (-1) visSbm.default.Rd:48: Lost braces in \itemize; meant \describe ? checkRd: (-1) visSbm.default.Rd:49: Lost braces in \itemize; meant \describe ? checkRd: (-1) visSbm.default.Rd:50: Lost braces in \itemize; meant \describe ? checkRd: (-1) visSbm.default.Rd:51: Lost braces in \itemize; meant \describe ? Flavors: r-devel-linux-x86_64-debian-clang, r-devel-linux-x86_64-debian-gcc