CRAN Package Check Results for Package shinyaframe

Last updated on 2024-07-24 08:57:00 CEST.

Flavor Version Tinstall Tcheck Ttotal Status Flags
r-devel-linux-x86_64-debian-clang 1.0.1 2.43 27.15 29.58 NOTE
r-devel-linux-x86_64-debian-gcc 1.0.1 1.74 21.30 23.04 NOTE
r-devel-linux-x86_64-fedora-clang 1.0.1 39.38 NOTE
r-devel-linux-x86_64-fedora-gcc 1.0.1 48.75 NOTE
r-devel-windows-x86_64 1.0.1 6.00 44.00 50.00 NOTE
r-patched-linux-x86_64 1.0.1 2.44 26.31 28.75 NOTE
r-release-linux-x86_64 1.0.1 2.36 26.30 28.66 NOTE
r-release-macos-arm64 1.0.1 24.00 NOTE
r-release-macos-x86_64 1.0.1 36.00 NOTE
r-release-windows-x86_64 1.0.1 3.00 44.00 47.00 NOTE
r-oldrel-macos-arm64 1.0.1 30.00 NOTE
r-oldrel-macos-x86_64 1.0.1 33.00 NOTE
r-oldrel-windows-x86_64 1.0.1 5.00 44.00 49.00 NOTE

Check Details

Version: 1.0.1
Check: LazyData
Result: NOTE 'LazyData' is specified without a 'data' directory Flavors: r-devel-linux-x86_64-debian-clang, r-devel-linux-x86_64-debian-gcc, r-devel-linux-x86_64-fedora-clang, r-devel-linux-x86_64-fedora-gcc, r-devel-windows-x86_64, r-patched-linux-x86_64, r-release-linux-x86_64, r-release-macos-arm64, r-release-macos-x86_64, r-release-windows-x86_64, r-oldrel-macos-arm64, r-oldrel-macos-x86_64, r-oldrel-windows-x86_64

Version: 1.0.1
Check: dependencies in R code
Result: NOTE Namespace in Imports field not imported from: ‘shiny’ All declared Imports should be used. Flavors: r-devel-linux-x86_64-fedora-clang, r-devel-linux-x86_64-fedora-gcc