CRAN Package Check Results for Package shinyanimate

Last updated on 2021-09-28 01:49:38 CEST.

Flavor Version Tinstall Tcheck Ttotal Status Flags
r-devel-linux-x86_64-debian-clang 0.3.0 2.63 31.57 34.20 NOTE
r-devel-linux-x86_64-debian-gcc 0.3.0 2.28 24.84 27.12 NOTE
r-devel-linux-x86_64-fedora-clang 0.3.0 50.10 NOTE
r-devel-linux-x86_64-fedora-gcc 0.3.0 40.08 NOTE
r-devel-windows-x86_64 0.3.0 6.00 42.00 48.00 NOTE
r-devel-windows-x86_64-gcc10-UCRT 0.3.0 NOTE
r-patched-linux-x86_64 0.3.0 1.90 30.56 32.46 NOTE
r-patched-solaris-x86 0.3.0 62.70 NOTE
r-release-linux-x86_64 0.3.0 2.75 30.62 33.37 NOTE
r-release-macos-arm64 0.3.0 NOTE
r-release-macos-x86_64 0.3.0 NOTE
r-release-windows-ix86+x86_64 0.3.0 8.00 41.00 49.00 NOTE
r-oldrel-macos-x86_64 0.3.0 OK
r-oldrel-windows-ix86+x86_64 0.3.0 6.00 39.00 45.00 OK

Check Details

Version: 0.3.0
Check: LazyData
Result: NOTE
     'LazyData' is specified without a 'data' directory
Flavors: r-devel-linux-x86_64-debian-clang, r-devel-linux-x86_64-debian-gcc, r-devel-linux-x86_64-fedora-clang, r-devel-linux-x86_64-fedora-gcc, r-devel-windows-x86_64, r-devel-windows-x86_64-gcc10-UCRT, r-patched-linux-x86_64, r-patched-solaris-x86, r-release-linux-x86_64, r-release-macos-arm64, r-release-macos-x86_64, r-release-windows-ix86+x86_64