CRAN Package Check Results for Package shinyfilter

Last updated on 2021-09-25 04:57:51 CEST.

Flavor Version Tinstall Tcheck Ttotal Status Flags
r-devel-linux-x86_64-debian-clang 0.1.1 2.52 21.64 24.16 OK
r-devel-linux-x86_64-debian-gcc 0.1.1 2.02 17.37 19.39 OK
r-devel-linux-x86_64-fedora-clang 0.1.1 37.99 NOTE
r-devel-linux-x86_64-fedora-gcc 0.1.1 28.02 NOTE
r-devel-windows-x86_64 0.1.1 4.00 30.00 34.00 OK
r-devel-windows-x86_64-gcc10-UCRT 0.1.1 NOTE
r-patched-linux-x86_64 0.1.1 2.55 21.36 23.91 OK
r-patched-solaris-x86 0.1.1 44.20 NOTE
r-release-linux-x86_64 0.1.1 2.01 21.32 23.33 OK
r-release-macos-arm64 0.1.1 NOTE
r-release-macos-x86_64 0.1.1 NOTE
r-release-windows-ix86+x86_64 0.1.1 5.00 29.00 34.00 OK
r-oldrel-macos-x86_64 0.1.1 NOTE
r-oldrel-windows-ix86+x86_64 0.1.1 5.00 28.00 33.00 OK

Check Details

Version: 0.1.1
Check: dependencies in R code
Result: NOTE
    Namespace in Imports field not imported from: ‘reactable’
     All declared Imports should be used.
Flavors: r-devel-linux-x86_64-fedora-clang, r-devel-linux-x86_64-fedora-gcc, r-devel-windows-x86_64-gcc10-UCRT, r-patched-solaris-x86, r-release-macos-arm64, r-release-macos-x86_64, r-oldrel-macos-x86_64