Last updated on 2024-04-23 16:58:29 CEST.
Flavor | Version | Tinstall | Tcheck | Ttotal | Status | Flags |
---|---|---|---|---|---|---|
r-devel-linux-x86_64-debian-clang | 0.3.2 | 2.32 | 22.24 | 24.56 | OK | |
r-devel-linux-x86_64-debian-gcc | 0.3.2 | 1.80 | 17.57 | 19.37 | OK | |
r-devel-linux-x86_64-fedora-clang | 0.3.2 | 30.97 | NOTE | |||
r-devel-linux-x86_64-fedora-gcc | 0.3.2 | 29.49 | NOTE | |||
r-prerel-macos-arm64 | 0.3.2 | 16.00 | OK | |||
r-prerel-windows-x86_64 | 0.3.2 | 3.00 | 39.00 | 42.00 | OK | |
r-patched-linux-x86_64 | 0.3.2 | 2.33 | 20.98 | 23.31 | OK | |
r-release-linux-x86_64 | 0.3.2 | 2.23 | 21.97 | 24.20 | OK | |
r-release-macos-arm64 | 0.3.2 | 19.00 | OK | |||
r-release-macos-x86_64 | 0.3.2 | 20.00 | OK | |||
r-release-windows-x86_64 | 0.3.2 | 4.00 | 39.00 | 43.00 | OK | |
r-oldrel-macos-arm64 | 0.3.2 | 14.00 | NOTE | |||
r-oldrel-windows-x86_64 | 0.3.2 | 5.00 | 43.00 | 48.00 | OK |
Version: 0.3.2
Check: dependencies in R code
Result: NOTE
Namespace in Imports field not imported from: ‘markdown’
All declared Imports should be used.
Flavors: r-devel-linux-x86_64-fedora-clang, r-devel-linux-x86_64-fedora-gcc, r-oldrel-macos-arm64