CRAN Package Check Results for Package shinyhelper

Last updated on 2021-09-26 20:49:22 CEST.

Flavor Version Tinstall Tcheck Ttotal Status Flags
r-devel-linux-x86_64-debian-clang 0.3.2 1.99 21.40 23.39 OK
r-devel-linux-x86_64-debian-gcc 0.3.2 1.64 17.00 18.64 OK
r-devel-linux-x86_64-fedora-clang 0.3.2 37.48 NOTE
r-devel-linux-x86_64-fedora-gcc 0.3.2 27.26 NOTE
r-devel-windows-x86_64 0.3.2 3.00 31.00 34.00 OK
r-devel-windows-x86_64-gcc10-UCRT NOTE
r-patched-linux-x86_64 0.3.2 2.14 21.36 23.50 OK
r-patched-solaris-x86 0.3.2 42.80 NOTE
r-release-linux-x86_64 0.3.2 2.00 21.27 23.27 OK
r-release-macos-arm64 0.3.2 NOTE
r-release-macos-x86_64 0.3.2 NOTE
r-release-windows-ix86+x86_64 0.3.2 5.00 29.00 34.00 OK
r-oldrel-macos-x86_64 0.3.2 NOTE
r-oldrel-windows-ix86+x86_64 0.3.2 4.00 28.00 32.00 OK

Check Details

Version: 0.3.2
Check: dependencies in R code
Result: NOTE
    Namespace in Imports field not imported from: ‘markdown’
     All declared Imports should be used.
Flavors: r-devel-linux-x86_64-fedora-clang, r-devel-linux-x86_64-fedora-gcc, r-devel-windows-x86_64-gcc10-UCRT, r-patched-solaris-x86, r-release-macos-arm64, r-release-macos-x86_64, r-oldrel-macos-x86_64