Last updated on 2024-04-23 08:58:17 CEST.
Flavor | Version | Tinstall | Tcheck | Ttotal | Status | Flags |
---|---|---|---|---|---|---|
r-devel-linux-x86_64-debian-clang | 2.1.0 | 3.23 | 40.10 | 43.33 | NOTE | |
r-devel-linux-x86_64-debian-gcc | 2.1.0 | 2.45 | 30.57 | 33.02 | NOTE | |
r-devel-linux-x86_64-fedora-gcc | 2.1.0 | 66.26 | NOTE | |||
r-prerel-macos-arm64 | 2.1.0 | 37.00 | NOTE | |||
r-prerel-windows-x86_64 | 2.1.0 | 5.00 | 62.00 | 67.00 | NOTE | |
r-patched-linux-x86_64 | 2.1.0 | 3.26 | 39.50 | 42.76 | NOTE | |
r-release-linux-x86_64 | 2.1.0 | 3.27 | 36.94 | 40.21 | OK | |
r-release-macos-arm64 | 2.1.0 | 35.00 | OK | |||
r-release-macos-x86_64 | 2.1.0 | 46.00 | OK | |||
r-release-windows-x86_64 | 2.1.0 | 6.00 | 62.00 | 68.00 | OK | |
r-oldrel-macos-arm64 | 2.1.0 | 23.00 | OK | |||
r-oldrel-windows-x86_64 | 2.1.0 | 5.00 | 62.00 | 67.00 | OK |
Version: 2.1.0
Check: Rd files
Result: NOTE
checkRd: (-1) shinyjs-defunct.Rd:18: Lost braces in \itemize; meant \describe ?
checkRd: (-1) shinyjs-defunct.Rd:19: Lost braces in \itemize; meant \describe ?
checkRd: (-1) shinyjs-defunct.Rd:20: Lost braces in \itemize; meant \describe ?
Flavors: r-devel-linux-x86_64-debian-clang, r-devel-linux-x86_64-debian-gcc, r-devel-linux-x86_64-fedora-gcc, r-prerel-macos-arm64, r-prerel-windows-x86_64, r-patched-linux-x86_64