Last updated on 2024-03-28 23:55:20 CET.
Flavor | Version | Tinstall | Tcheck | Ttotal | Status | Flags |
---|---|---|---|---|---|---|
r-devel-linux-x86_64-debian-clang | 0.2.1 | 7.54 | 79.76 | 87.30 | NOTE | |
r-devel-linux-x86_64-debian-gcc | 0.2.1 | 6.38 | 59.36 | 65.74 | NOTE | |
r-devel-linux-x86_64-fedora-clang | 0.2.1 | 112.36 | NOTE | |||
r-devel-linux-x86_64-fedora-gcc | 0.2.1 | 116.43 | NOTE | |||
r-devel-windows-x86_64 | 0.2.1 | 8.00 | 78.00 | 86.00 | NOTE | |
r-patched-linux-x86_64 | 0.2.1 | 7.38 | 76.03 | 83.41 | NOTE | |
r-release-linux-x86_64 | 0.2.1 | 6.20 | 75.02 | 81.22 | OK | |
r-release-macos-arm64 | 0.2.1 | 39.00 | OK | |||
r-release-macos-x86_64 | 0.2.1 | 65.00 | OK | |||
r-release-windows-x86_64 | 0.2.1 | 10.00 | 85.00 | 95.00 | OK | |
r-oldrel-macos-arm64 | 0.2.1 | 34.00 | OK | |||
r-oldrel-windows-x86_64 | 0.2.1 | 10.00 | 88.00 | 98.00 | OK |
Version: 0.2.1
Check: Rd files
Result: NOTE
checkRd: (-1) store_googledrive.Rd:19: Lost braces; missing escapes or markup?
19 | See the {gargle} package to manage authentication, and especially
| ^
checkRd: (-1) store_googledrive.Rd:20: Lost braces; missing escapes or markup?
20 | \href{https://gargle.r-lib.org/articles/articles/managing-tokens-securely.html}{this vignette from {gargle} package} to manage the process.
| ^
Flavors: r-devel-linux-x86_64-debian-clang, r-devel-linux-x86_64-debian-gcc, r-devel-linux-x86_64-fedora-clang, r-devel-linux-x86_64-fedora-gcc, r-devel-windows-x86_64, r-patched-linux-x86_64