CRAN Package Check Results for Package shinyservicebot

Last updated on 2021-09-26 20:49:22 CEST.

Flavor Version Tinstall Tcheck Ttotal Status Flags
r-devel-linux-x86_64-debian-clang 0.1.0 2.39 28.26 30.65 NOTE
r-devel-linux-x86_64-debian-gcc 0.1.0 1.82 22.49 24.31 NOTE
r-devel-linux-x86_64-fedora-clang 0.1.0 45.65 NOTE
r-devel-linux-x86_64-fedora-gcc 0.1.0 36.40 NOTE
r-devel-windows-x86_64 0.1.0 4.00 39.00 43.00 NOTE
r-devel-windows-x86_64-gcc10-UCRT 0.1.0 NOTE
r-patched-linux-x86_64 0.1.0 1.51 27.61 29.12 NOTE
r-patched-solaris-x86 0.1.0 56.80 NOTE
r-release-linux-x86_64 0.1.0 2.22 27.54 29.76 NOTE
r-release-macos-arm64 0.1.0 NOTE
r-release-macos-x86_64 0.1.0 NOTE
r-release-windows-ix86+x86_64 0.1.0 7.00 40.00 47.00 NOTE
r-oldrel-macos-x86_64 0.1.0 OK
r-oldrel-windows-ix86+x86_64 0.1.0 6.00 37.00 43.00 OK

Check Details

Version: 0.1.0
Check: LazyData
Result: NOTE
     'LazyData' is specified without a 'data' directory
Flavors: r-devel-linux-x86_64-debian-clang, r-devel-linux-x86_64-debian-gcc, r-devel-linux-x86_64-fedora-clang, r-devel-linux-x86_64-fedora-gcc, r-devel-windows-x86_64, r-devel-windows-x86_64-gcc10-UCRT, r-patched-linux-x86_64, r-patched-solaris-x86, r-release-linux-x86_64, r-release-macos-arm64, r-release-macos-x86_64, r-release-windows-ix86+x86_64