CRAN Package Check Results for Package shinytest

Last updated on 2021-09-23 00:49:03 CEST.

Flavor Version Tinstall Tcheck Ttotal Status Flags
r-devel-linux-x86_64-debian-clang 1.5.1 6.95 49.71 56.66 OK
r-devel-linux-x86_64-debian-gcc 1.5.1 6.60 38.90 45.50 OK
r-devel-linux-x86_64-fedora-clang 1.5.1 78.55 OK
r-devel-linux-x86_64-fedora-gcc 1.5.1 67.93 OK
r-devel-windows-x86_64 1.5.1 10.00 55.00 65.00 OK
r-devel-windows-x86_64-gcc10-UCRT 1.5.1 ERROR
r-patched-linux-x86_64 1.5.1 8.34 48.44 56.78 OK
r-patched-solaris-x86 1.5.1 100.00 OK
r-release-linux-x86_64 1.5.1 8.33 48.67 57.00 OK
r-release-macos-arm64 1.5.1 OK
r-release-macos-x86_64 1.5.1 OK
r-release-windows-ix86+x86_64 1.5.1 15.00 61.00 76.00 OK
r-oldrel-macos-x86_64 1.5.1 OK
r-oldrel-windows-ix86+x86_64 1.5.1 12.00 57.00 69.00 OK

Check Details

Version: 1.5.1
Check: package dependencies
Result: ERROR
    Package required but not available: 'webdriver'
    
    See section 'The DESCRIPTION file' in the 'Writing R Extensions'
    manual.
Flavor: r-devel-windows-x86_64-gcc10-UCRT