CRAN Package Check Results for Package shinytoastr

Last updated on 2021-09-25 08:50:11 CEST.

Flavor Version Tinstall Tcheck Ttotal Status Flags
r-devel-linux-x86_64-debian-clang 2.1.1 2.80 31.50 34.30 NOTE
r-devel-linux-x86_64-debian-gcc 2.1.1 2.43 25.10 27.53 NOTE
r-devel-linux-x86_64-fedora-clang 2.1.1 50.58 NOTE
r-devel-linux-x86_64-fedora-gcc 2.1.1 40.78 NOTE
r-devel-windows-x86_64 2.1.1 5.00 42.00 47.00 NOTE
r-devel-windows-x86_64-gcc10-UCRT 2.1.1 NOTE
r-patched-linux-x86_64 2.1.1 1.94 30.64 32.58 NOTE
r-patched-solaris-x86 2.1.1 63.20 NOTE
r-release-linux-x86_64 2.1.1 2.94 30.99 33.93 NOTE
r-release-macos-arm64 2.1.1 NOTE
r-release-macos-x86_64 2.1.1 NOTE
r-release-windows-ix86+x86_64 2.1.1 8.00 42.00 50.00 NOTE
r-oldrel-macos-x86_64 2.1.1 OK
r-oldrel-windows-ix86+x86_64 2.1.1 6.00 41.00 47.00 OK

Check Details

Version: 2.1.1
Check: LazyData
Result: NOTE
     'LazyData' is specified without a 'data' directory
Flavors: r-devel-linux-x86_64-debian-clang, r-devel-linux-x86_64-debian-gcc, r-devel-linux-x86_64-fedora-clang, r-devel-linux-x86_64-fedora-gcc, r-devel-windows-x86_64, r-devel-windows-x86_64-gcc10-UCRT, r-patched-linux-x86_64, r-patched-solaris-x86, r-release-linux-x86_64, r-release-macos-arm64, r-release-macos-x86_64, r-release-windows-ix86+x86_64