Last updated on 2024-04-23 16:58:29 CEST.
Flavor | Version | Tinstall | Tcheck | Ttotal | Status | Flags |
---|---|---|---|---|---|---|
r-devel-linux-x86_64-debian-clang | 1.17.1 | 10.73 | 116.76 | 127.49 | NOTE | |
r-devel-linux-x86_64-debian-gcc | 1.17.1 | 8.32 | 84.37 | 92.69 | NOTE | |
r-devel-linux-x86_64-fedora-clang | 1.17.1 | 152.10 | NOTE | |||
r-devel-linux-x86_64-fedora-gcc | 1.17.1 | 151.03 | NOTE | |||
r-prerel-macos-arm64 | 1.17.1 | 45.00 | NOTE | |||
r-prerel-windows-x86_64 | 1.17.1 | 9.00 | 135.00 | 144.00 | NOTE | |
r-patched-linux-x86_64 | 1.17.1 | 12.34 | 111.43 | 123.77 | NOTE | |
r-release-linux-x86_64 | 1.17.1 | 9.24 | 114.64 | 123.88 | OK | |
r-release-macos-arm64 | 1.17.1 | 49.00 | OK | |||
r-release-macos-x86_64 | 1.17.1 | 84.00 | OK | |||
r-release-windows-x86_64 | 1.17.1 | 11.00 | 156.00 | 167.00 | OK | |
r-oldrel-macos-arm64 | 1.17.1 | 50.00 | OK | |||
r-oldrel-windows-x86_64 | 1.17.1 | 13.00 | 153.00 | 166.00 | OK |
Version: 1.17.1
Check: Rd files
Result: NOTE
checkRd: (-1) MrBayes.Rd:24: Lost braces
24 | \item{contype}{A character string; the type of consensus tree calculated from the posterior distribution of trees}{either "halfcompat" (majority-rule consensus tree) or "allcombat" (strict consensus tree)}
| ^
Flavors: r-devel-linux-x86_64-debian-clang, r-devel-linux-x86_64-debian-gcc, r-devel-linux-x86_64-fedora-clang, r-devel-linux-x86_64-fedora-gcc, r-prerel-macos-arm64, r-prerel-windows-x86_64, r-patched-linux-x86_64