Last updated on 2024-03-28 15:50:01 CET.
Flavor | Version | Tinstall | Tcheck | Ttotal | Status | Flags |
---|---|---|---|---|---|---|
r-devel-linux-x86_64-debian-clang | 3.0.1 | 316.34 | 82.59 | 398.93 | OK | |
r-devel-linux-x86_64-debian-gcc | 3.0.1 | 236.68 | 63.18 | 299.86 | OK | |
r-devel-linux-x86_64-fedora-clang | 3.0.1 | 592.03 | OK | |||
r-devel-linux-x86_64-fedora-gcc | 3.0.1 | 597.34 | OK | |||
r-devel-windows-x86_64 | 3.0.1 | 241.00 | 125.00 | 366.00 | OK | |
r-patched-linux-x86_64 | 3.0.1 | 296.27 | 81.36 | 377.63 | OK | |
r-release-linux-x86_64 | 3.0.1 | 302.09 | 78.92 | 381.01 | OK | |
r-release-macos-arm64 | 3.0.1 | 130.00 | NOTE | |||
r-release-macos-x86_64 | 3.0.1 | 208.00 | NOTE | |||
r-release-windows-x86_64 | 3.0.1 | 302.00 | 138.00 | 440.00 | OK | |
r-oldrel-macos-arm64 | 3.0.1 | 126.00 | NOTE | |||
r-oldrel-windows-x86_64 | 3.0.1 | 290.00 | 132.00 | 422.00 | OK |
Version: 3.0.1
Check: installed package size
Result: NOTE
installed size is 12.1Mb
sub-directories of 1Mb or more:
libs 11.1Mb
Flavors: r-release-macos-arm64, r-release-macos-x86_64, r-oldrel-macos-arm64