Last updated on 2024-03-28 15:50:01 CET.
Flavor | Version | Tinstall | Tcheck | Ttotal | Status | Flags |
---|---|---|---|---|---|---|
r-devel-linux-x86_64-debian-clang | 0.1.0 | 10.02 | 64.55 | 74.57 | NOTE | |
r-devel-linux-x86_64-debian-gcc | 0.1.0 | 8.04 | 47.61 | 55.65 | NOTE | |
r-devel-linux-x86_64-fedora-clang | 0.1.0 | 96.10 | NOTE | |||
r-devel-linux-x86_64-fedora-gcc | 0.1.0 | 101.06 | NOTE | |||
r-devel-windows-x86_64 | 0.1.0 | 11.00 | 72.00 | 83.00 | NOTE | |
r-patched-linux-x86_64 | 0.1.0 | 5.82 | 60.81 | 66.63 | NOTE | |
r-release-linux-x86_64 | 0.1.0 | 6.59 | 60.15 | 66.74 | NOTE | |
r-release-macos-arm64 | 0.1.0 | 39.00 | NOTE | |||
r-release-macos-x86_64 | 0.1.0 | 59.00 | NOTE | |||
r-release-windows-x86_64 | 0.1.0 | 15.00 | 80.00 | 95.00 | NOTE | |
r-oldrel-macos-arm64 | 0.1.0 | 30.00 | NOTE | |||
r-oldrel-windows-x86_64 | 0.1.0 | 15.00 | 85.00 | 100.00 | OK |
Version: 0.1.0
Check: C++ specification
Result: NOTE
Specified C++11: please drop specification unless essential
Flavors: r-devel-linux-x86_64-debian-clang, r-devel-linux-x86_64-debian-gcc, r-devel-linux-x86_64-fedora-clang, r-devel-linux-x86_64-fedora-gcc, r-devel-windows-x86_64, r-patched-linux-x86_64, r-release-linux-x86_64, r-release-macos-arm64, r-release-macos-x86_64, r-release-windows-x86_64
Version: 0.1.0
Check: data for non-ASCII characters
Result: NOTE
Note: found 1231 marked UTF-8 strings
Flavors: r-devel-linux-x86_64-fedora-clang, r-devel-linux-x86_64-fedora-gcc, r-oldrel-macos-arm64