Last updated on 2024-03-27 23:59:57 CET.
Flavor | Version | Tinstall | Tcheck | Ttotal | Status | Flags |
---|---|---|---|---|---|---|
r-devel-linux-x86_64-debian-clang | 0.7.1 | 9.59 | 112.54 | 122.13 | NOTE | |
r-devel-linux-x86_64-debian-gcc | 0.7.1 | 7.13 | 85.88 | 93.01 | NOTE | |
r-devel-linux-x86_64-fedora-clang | 0.7.1 | 164.54 | NOTE | |||
r-devel-linux-x86_64-fedora-gcc | 0.7.1 | 176.73 | NOTE | |||
r-devel-windows-x86_64 | 0.7.1 | 9.00 | 104.00 | 113.00 | NOTE | |
r-patched-linux-x86_64 | 0.7.1 | 7.85 | 113.36 | 121.21 | OK | |
r-release-linux-x86_64 | 0.7.1 | 5.54 | 111.95 | 117.49 | OK | |
r-release-macos-arm64 | 0.7.1 | 59.00 | OK | |||
r-release-macos-x86_64 | 0.7.1 | 93.00 | OK | |||
r-release-windows-x86_64 | 0.7.1 | 12.00 | 128.00 | 140.00 | OK | |
r-oldrel-macos-arm64 | 0.7.1 | 51.00 | OK | |||
r-oldrel-windows-x86_64 | 0.7.1 | 13.00 | 126.00 | 139.00 | OK |
Version: 0.7.1
Check: Rd files
Result: NOTE
checkRd: (-1) inlandwaters.Rd:14: Lost braces in \itemize; meant \describe ?
checkRd: (-1) inlandwaters.Rd:15: Lost braces in \itemize; meant \describe ?
checkRd: (-1) inlandwaters.Rd:16: Lost braces in \itemize; meant \describe ?
checkRd: (-1) inlandwaters.Rd:17: Lost braces in \itemize; meant \describe ?
checkRd: (-1) inlandwaters.Rd:18: Lost braces in \itemize; meant \describe ?
checkRd: (-1) inlandwaters.Rd:19: Lost braces in \itemize; meant \describe ?
Flavors: r-devel-linux-x86_64-debian-clang, r-devel-linux-x86_64-debian-gcc, r-devel-linux-x86_64-fedora-clang, r-devel-linux-x86_64-fedora-gcc, r-devel-windows-x86_64