Last updated on 2023-05-28 23:14:10 CEST.
Flavor | Version | Tinstall | Tcheck | Ttotal | Status | Flags |
---|---|---|---|---|---|---|
r-devel-linux-x86_64-debian-clang | 1.40 | 5.95 | 85.82 | 91.77 | OK | |
r-devel-linux-x86_64-debian-gcc | 1.40 | 5.45 | 65.13 | 70.58 | OK | |
r-devel-linux-x86_64-fedora-clang | 1.40 | 112.56 | OK | |||
r-devel-linux-x86_64-fedora-gcc | 1.40 | 117.54 | OK | |||
r-devel-windows-x86_64 | 1.40 | 8.00 | 95.00 | 103.00 | OK | |
r-patched-linux-x86_64 | 1.40 | 5.23 | 80.55 | 85.78 | OK | |
r-release-linux-x86_64 | 1.40 | 3.84 | 81.35 | 85.19 | OK | |
r-release-macos-arm64 | 1.40 | 49.00 | OK | |||
r-release-macos-x86_64 | 1.40 | 74.00 | OK | |||
r-release-windows-x86_64 | 1.40 | 9.00 | 141.00 | 150.00 | ERROR | |
r-oldrel-macos-arm64 | 1.40 | 44.00 | OK | |||
r-oldrel-macos-x86_64 | 1.40 | 68.00 | OK | |||
r-oldrel-windows-x86_64 | 1.40 | 9.00 | 107.00 | 116.00 | OK |
Version: 1.40
Check: re-building of vignette outputs
Result: ERROR
Error(s) in re-building vignettes:
--- re-building 'ExtractingRegionsForSimulation.Rmd' using rmarkdown
--- finished re-building 'ExtractingRegionsForSimulation.Rmd'
--- re-building 'SimulatingFamilyData.Rmd' using rmarkdown
Quitting from lines 68-81 [unnamed-chunk-3] (SimulatingFamilyData.Rmd)
Error: processing vignette 'SimulatingFamilyData.Rmd' failed with diagnostics:
cannot open URL 'https://github.com/adimitromanolakis/geneticMap-GRCh37/raw/master/genetic_map_GRCh37_chr4.txt.gz'
--- failed re-building 'SimulatingFamilyData.Rmd'
SUMMARY: processing the following file failed:
'SimulatingFamilyData.Rmd'
Error: Vignette re-building failed.
Execution halted
Flavor: r-release-windows-x86_64