Last updated on 2024-03-28 15:50:01 CET.
Flavor | Version | Tinstall | Tcheck | Ttotal | Status | Flags |
---|---|---|---|---|---|---|
r-devel-linux-x86_64-debian-clang | 2.1.3 | 88.70 | 170.23 | 258.93 | OK | |
r-devel-linux-x86_64-debian-gcc | 2.1.3 | 74.67 | 125.99 | 200.66 | OK | |
r-devel-linux-x86_64-fedora-clang | 2.1.3 | 349.71 | OK | |||
r-devel-linux-x86_64-fedora-gcc | 2.1.3 | 334.04 | OK | |||
r-devel-windows-x86_64 | 2.1.3 | 73.00 | 169.00 | 242.00 | OK | |
r-patched-linux-x86_64 | 2.1.3 | 85.52 | 164.33 | 249.85 | OK | |
r-release-linux-x86_64 | 2.1.3 | 82.72 | 170.67 | 253.39 | OK | |
r-release-macos-arm64 | 2.1.3 | 88.00 | NOTE | |||
r-release-macos-x86_64 | 2.1.3 | 198.00 | NOTE | |||
r-release-windows-x86_64 | 2.1.3 | 92.00 | 211.00 | 303.00 | OK | |
r-oldrel-macos-arm64 | 2.1.3 | 82.00 | NOTE | |||
r-oldrel-windows-x86_64 | 2.1.3 | 93.00 | 191.00 | 284.00 | OK |
Version: 2.1.3
Check: installed package size
Result: NOTE
installed size is 5.5Mb
sub-directories of 1Mb or more:
data 2.0Mb
libs 2.5Mb
Flavors: r-release-macos-arm64, r-release-macos-x86_64, r-oldrel-macos-arm64