Last updated on 2023-12-10 08:48:38 CET.
Flavor | Version | Tinstall | Tcheck | Ttotal | Status | Flags |
---|---|---|---|---|---|---|
r-devel-linux-x86_64-debian-clang | 0.0.5 | 3.23 | 95.88 | 99.11 | OK | |
r-devel-linux-x86_64-debian-gcc | 0.0.5 | 2.61 | 74.48 | 77.09 | OK | |
r-devel-linux-x86_64-fedora-clang | 0.0.5 | 122.24 | NOTE | |||
r-devel-linux-x86_64-fedora-gcc | 0.0.5 | 127.96 | NOTE | |||
r-devel-windows-x86_64 | 0.0.5 | 6.00 | 94.00 | 100.00 | OK | |
r-patched-linux-x86_64 | 0.0.5 | 3.43 | 91.77 | 95.20 | OK | |
r-release-linux-x86_64 | 0.0.5 | 3.88 | 91.47 | 95.35 | OK | |
r-release-macos-arm64 | 0.0.5 | 53.00 | OK | |||
r-release-macos-x86_64 | 0.0.5 | 84.00 | OK | |||
r-release-windows-x86_64 | 0.0.5 | 7.00 | 110.00 | 117.00 | OK | |
r-oldrel-macos-arm64 | 0.0.5 | 42.00 | NOTE | |||
r-oldrel-macos-x86_64 | 0.0.5 | 56.00 | NOTE | |||
r-oldrel-windows-x86_64 | 0.0.5 | 6.00 | 114.00 | 120.00 | OK |
Version: 0.0.5
Check: data for non-ASCII characters
Result: NOTE
Note: found 1 marked UTF-8 string
Flavors: r-devel-linux-x86_64-fedora-clang, r-devel-linux-x86_64-fedora-gcc, r-oldrel-macos-arm64, r-oldrel-macos-x86_64