Last updated on 2023-12-02 16:49:28 CET.
Flavor | Version | Tinstall | Tcheck | Ttotal | Status | Flags |
---|---|---|---|---|---|---|
r-devel-linux-x86_64-debian-clang | 2021.03.10 | 4.81 | 42.93 | 47.74 | NOTE | |
r-devel-linux-x86_64-debian-gcc | 2021.03.10 | 3.84 | 33.57 | 37.41 | NOTE | |
r-devel-linux-x86_64-fedora-clang | 2021.03.10 | 60.91 | NOTE | |||
r-devel-linux-x86_64-fedora-gcc | 2021.03.10 | 57.10 | NOTE | |||
r-devel-windows-x86_64 | 2021.03.10 | 6.00 | 58.00 | 64.00 | NOTE | |
r-patched-linux-x86_64 | 2021.03.10 | 3.59 | 42.80 | 46.39 | NOTE | |
r-release-linux-x86_64 | 2021.03.10 | 4.48 | 43.17 | 47.65 | NOTE | |
r-release-macos-arm64 | 2021.03.10 | 28.00 | NOTE | |||
r-release-macos-x86_64 | 2021.03.10 | 33.00 | NOTE | |||
r-release-windows-x86_64 | 2021.03.10 | 8.00 | 59.00 | 67.00 | NOTE | |
r-oldrel-macos-arm64 | 2021.03.10 | 23.00 | NOTE | |||
r-oldrel-macos-x86_64 | 2021.03.10 | 32.00 | NOTE | |||
r-oldrel-windows-x86_64 | 2021.03.10 | 7.00 | 64.00 | 71.00 | NOTE |
Version: 2021.03.10
Check: LazyData
Result: NOTE
'LazyData' is specified without a 'data' directory
Flavors: r-devel-linux-x86_64-debian-clang, r-devel-linux-x86_64-debian-gcc, r-devel-linux-x86_64-fedora-clang, r-devel-linux-x86_64-fedora-gcc, r-devel-windows-x86_64, r-patched-linux-x86_64, r-release-linux-x86_64, r-release-macos-arm64, r-release-macos-x86_64, r-release-windows-x86_64, r-oldrel-macos-arm64, r-oldrel-macos-x86_64, r-oldrel-windows-x86_64
Version: 2021.03.10
Check: dependencies in R code
Result: NOTE
Namespace in Imports field not imported from: ‘DBI’
All declared Imports should be used.
Flavors: r-devel-linux-x86_64-fedora-clang, r-devel-linux-x86_64-fedora-gcc, r-oldrel-macos-arm64, r-oldrel-macos-x86_64