Last updated on 2023-12-03 08:50:23 CET.
Flavor | Version | Tinstall | Tcheck | Ttotal | Status | Flags |
---|---|---|---|---|---|---|
r-devel-linux-x86_64-debian-clang | 0.5-16 | 23.94 | 150.54 | 174.48 | NOTE | |
r-devel-linux-x86_64-debian-gcc | 0.5-16 | 18.21 | 110.29 | 128.50 | NOTE | |
r-devel-linux-x86_64-fedora-clang | 0.5-16 | 212.79 | OK | |||
r-devel-linux-x86_64-fedora-gcc | 0.5-16 | 216.21 | OK | |||
r-devel-windows-x86_64 | 0.5-16 | 17.00 | 130.00 | 147.00 | OK | |
r-patched-linux-x86_64 | 0.5-16 | 28.46 | 146.43 | 174.89 | OK | |
r-release-linux-x86_64 | 0.5-16 | 20.70 | 147.29 | 167.99 | OK | |
r-release-macos-arm64 | 0.5-16 | 56.00 | OK | |||
r-release-macos-x86_64 | 0.5-16 | 98.00 | NOTE | |||
r-release-windows-x86_64 | 0.5-16 | 20.00 | 165.00 | 185.00 | OK | |
r-oldrel-macos-arm64 | 0.5-16 | 54.00 | OK | |||
r-oldrel-macos-x86_64 | 0.5-16 | 66.00 | OK | |||
r-oldrel-windows-x86_64 | 0.5-16 | 29.00 | 161.00 | 190.00 | OK |
Version: 0.5-16
Check: Rd files
Result: NOTE
checkRd: (-1) SimDataDist-class.Rd:28: Lost braces in \itemize; meant \describe ?
checkRd: (-1) SimDataDist-class.Rd:29: Lost braces in \itemize; meant \describe ?
checkRd: (-1) createData.Rd:7: Lost braces
7 | This function can be used to create data from a set of parameters created from \code{\link{draw}}, called a code{paramSet}. This function is used internally to create data, and is available publicly for accessibility and debugging.
| ^
checkRd: (-1) exportData.Rd:7: Lost braces
7 | This function can be used to export data created from a set of parameters created from \code{\link{draw}}, called a code{paramSet}. This function can export data to be analyzed with either Mplus or LISREL.
| ^
Flavors: r-devel-linux-x86_64-debian-clang, r-devel-linux-x86_64-debian-gcc
Version: 0.5-16
Check: package dependencies
Result: NOTE
Packages suggested but not available for checking:
'quantreg', 'semTools', 'OpenMx', 'copula'
Flavor: r-release-macos-x86_64
Version: 0.5-16
Check: Rd cross-references
Result: NOTE
Package unavailable to check Rd xrefs: ‘copula’
Flavor: r-release-macos-x86_64