CRAN Package Check Results for Package simulator

Last updated on 2024-06-05 00:48:59 CEST.

Flavor Version Tinstall Tcheck Ttotal Status Flags
r-devel-linux-x86_64-debian-clang 0.2.5 8.41 79.55 87.96 NOTE --no-vignettes
r-devel-linux-x86_64-debian-gcc 0.2.5 7.55 58.91 66.46 NOTE --no-vignettes
r-devel-linux-x86_64-fedora-clang 0.2.5 360.93 NOTE
r-devel-linux-x86_64-fedora-gcc 0.2.5 402.84 NOTE
r-devel-windows-x86_64 0.2.5 9.00 342.00 351.00 NOTE
r-patched-linux-x86_64 0.2.5 11.85 73.81 85.66 NOTE --no-vignettes
r-release-linux-x86_64 0.2.5 8.53 72.89 81.42 NOTE --no-vignettes
r-release-macos-arm64 0.2.5 193.00 NOTE
r-release-windows-x86_64 0.2.5 8.00 393.00 401.00 NOTE
r-oldrel-macos-arm64 0.2.5 212.00 OK
r-oldrel-macos-x86_64 0.2.5 352.00 OK
r-oldrel-windows-x86_64 0.2.5 10.00 431.00 441.00 OK

Check Details

Version: 0.2.5
Flags: --no-vignettes
Check: Rd files
Result: NOTE checkRd: (-1) add_bold.Rd:15: Lost braces; missing escapes or markup? 15 | For example, in latex it would take "2" and output "{\\bf 2}"; in html | ^ Flavors: r-devel-linux-x86_64-debian-clang, r-devel-linux-x86_64-debian-gcc, r-patched-linux-x86_64, r-release-linux-x86_64

Version: 0.2.5
Check: Rd files
Result: NOTE checkRd: (-1) add_bold.Rd:15: Lost braces; missing escapes or markup? 15 | For example, in latex it would take "2" and output "{\\bf 2}"; in html | ^ Flavors: r-devel-linux-x86_64-fedora-clang, r-devel-linux-x86_64-fedora-gcc, r-devel-windows-x86_64, r-release-macos-arm64, r-release-windows-x86_64