Last updated on 2023-11-28 16:48:34 CET.
Flavor | Version | Tinstall | Tcheck | Ttotal | Status | Flags |
---|---|---|---|---|---|---|
r-devel-linux-x86_64-debian-clang | 0.2.5 | 7.77 | 76.49 | 84.26 | NOTE | --no-vignettes |
r-devel-linux-x86_64-debian-gcc | 0.2.5 | 7.32 | 59.02 | 66.34 | NOTE | --no-vignettes |
r-devel-linux-x86_64-fedora-clang | 0.2.5 | 344.27 | OK | |||
r-devel-linux-x86_64-fedora-gcc | 0.2.5 | 386.12 | OK | |||
r-devel-windows-x86_64 | 0.2.5 | 7.00 | 352.00 | 359.00 | OK | |
r-patched-linux-x86_64 | 0.2.5 | 7.38 | 67.46 | 74.84 | OK | --no-vignettes |
r-release-linux-x86_64 | 0.2.5 | 8.55 | 71.10 | 79.65 | OK | --no-vignettes |
r-release-macos-arm64 | 0.2.5 | 212.00 | OK | |||
r-release-macos-x86_64 | 0.2.5 | 352.00 | OK | |||
r-release-windows-x86_64 | 0.2.5 | 8.00 | 435.00 | 443.00 | OK | |
r-oldrel-macos-arm64 | 0.2.5 | 203.00 | OK | |||
r-oldrel-macos-x86_64 | 0.2.5 | 258.00 | OK | |||
r-oldrel-windows-x86_64 | 0.2.5 | 11.00 | 422.00 | 433.00 | OK |
Version: 0.2.5
Flags: --no-vignettes
Check: Rd files
Result: NOTE
checkRd: (-1) add_bold.Rd:15: Lost braces; missing escapes or markup?
15 | For example, in latex it would take "2" and output "{\\bf 2}"; in html
| ^
Flavors: r-devel-linux-x86_64-debian-clang, r-devel-linux-x86_64-debian-gcc