CRAN Package Check Results for Package sinew

Last updated on 2021-09-23 20:52:30 CEST.

Flavor Version Tinstall Tcheck Ttotal Status Flags
r-devel-linux-x86_64-debian-clang 0.3.8 6.79 61.06 67.85 NOTE
r-devel-linux-x86_64-debian-gcc 0.3.8 5.15 46.38 51.53 NOTE
r-devel-linux-x86_64-fedora-clang 0.3.8 89.16 NOTE
r-devel-linux-x86_64-fedora-gcc 0.3.8 78.53 NOTE
r-devel-windows-x86_64 0.3.8 9.00 69.00 78.00 NOTE
r-devel-windows-x86_64-gcc10-UCRT 0.3.8 NOTE
r-patched-linux-x86_64 0.3.8 7.55 48.48 56.03 NOTE
r-patched-solaris-x86 0.3.8 104.30 NOTE
r-release-linux-x86_64 0.3.8 5.95 49.06 55.01 NOTE
r-release-macos-arm64 0.3.8 NOTE
r-release-macos-x86_64 0.3.8 NOTE
r-release-windows-ix86+x86_64 0.3.8 15.00 54.00 69.00 NOTE
r-oldrel-macos-x86_64 0.3.8 OK
r-oldrel-windows-ix86+x86_64 0.3.8 11.00 54.00 65.00 OK

Check Details

Version: 0.3.8
Check: LazyData
Result: NOTE
     'LazyData' is specified without a 'data' directory
Flavors: r-devel-linux-x86_64-debian-clang, r-devel-linux-x86_64-debian-gcc, r-devel-linux-x86_64-fedora-clang, r-devel-linux-x86_64-fedora-gcc, r-devel-windows-x86_64, r-devel-windows-x86_64-gcc10-UCRT, r-patched-linux-x86_64, r-patched-solaris-x86, r-release-linux-x86_64, r-release-macos-arm64, r-release-macos-x86_64, r-release-windows-ix86+x86_64