CRAN Package Check Results for Package sirt

Last updated on 2021-11-30 08:51:10 CET.

Flavor Version Tinstall Tcheck Ttotal Status Flags
r-devel-linux-x86_64-debian-clang 3.10-118 302.78 336.24 639.02 OK
r-devel-linux-x86_64-debian-gcc 3.10-118 232.36 217.91 450.27 ERROR
r-devel-linux-x86_64-fedora-clang 3.10-118 864.67 ERROR
r-devel-linux-x86_64-fedora-gcc 3.10-118 787.65 ERROR
r-devel-windows-x86_64-new-UL 3.10-118 434.00 448.00 882.00 NOTE
r-devel-windows-x86_64-new-TK 3.10-118 ERROR
r-devel-windows-x86_64-old 3.10-118 414.00 247.00 661.00 ERROR
r-patched-linux-x86_64 3.10-118 276.83 327.73 604.56 OK
r-patched-solaris-x86 3.10-118 762.40 NOTE
r-release-linux-x86_64 3.10-118 263.38 331.09 594.47 OK
r-release-macos-arm64 3.10-118 NOTE
r-release-macos-x86_64 3.10-118 NOTE
r-release-windows-ix86+x86_64 3.10-118 729.00 365.00 1094.00 NOTE
r-oldrel-macos-x86_64 3.10-118 NOTE
r-oldrel-windows-ix86+x86_64 3.10-118 526.00 381.00 907.00 NOTE

Check Details

Version: 3.10-118
Check: examples
Result: ERROR
    Running examples in ‘sirt-Ex.R’ failed
    The error most likely occurred in:
    
    > base::assign(".ptime", proc.time(), pos = "CheckExEnv")
    > ### Name: equating.rasch
    > ### Title: Equating in the Generalized Logistic Rasch Model
    > ### Aliases: equating.rasch
    >
    > ### ** Examples
    >
    > #############################################################################
    > # EXAMPLE 1: Linking item parameters of the PISA study
    > #############################################################################
    >
    > data(data.pisaPars)
    > pars <- data.pisaPars
    >
    > # linking the two studies with the Rasch model
    > mod <- sirt::equating.rasch(x=pars[,c("item","study1")], y=pars[,c("item","study2")])
    Error in as.vector(sqrt(des["SD"]^2/des["N.Items"]))[1, 1] :
     incorrect number of dimensions
    Calls: <Anonymous>
    Execution halted
Flavor: r-devel-linux-x86_64-debian-gcc

Version: 3.10-118
Check: installed package size
Result: NOTE
     installed size is 11.1Mb
     sub-directories of 1Mb or more:
     R 2.0Mb
     libs 7.1Mb
Flavors: r-devel-linux-x86_64-fedora-clang, r-devel-windows-x86_64-new-UL, r-devel-windows-x86_64-old, r-patched-solaris-x86, r-release-macos-arm64, r-release-macos-x86_64, r-release-windows-ix86+x86_64, r-oldrel-macos-x86_64, r-oldrel-windows-ix86+x86_64

Version: 3.10-118
Check: examples
Result: ERROR
    Running examples in ‘sirt-Ex.R’ failed
    The error most likely occurred in:
    
    > ### Name: equating.rasch
    > ### Title: Equating in the Generalized Logistic Rasch Model
    > ### Aliases: equating.rasch
    >
    > ### ** Examples
    >
    > #############################################################################
    > # EXAMPLE 1: Linking item parameters of the PISA study
    > #############################################################################
    >
    > data(data.pisaPars)
    > pars <- data.pisaPars
    >
    > # linking the two studies with the Rasch model
    > mod <- sirt::equating.rasch(x=pars[,c("item","study1")], y=pars[,c("item","study2")])
    Error in as.vector(sqrt(des["SD"]^2/des["N.Items"]))[1, 1] :
     incorrect number of dimensions
    Calls: <Anonymous>
    Execution halted
Flavors: r-devel-linux-x86_64-fedora-clang, r-devel-linux-x86_64-fedora-gcc, r-devel-windows-x86_64-new-TK, r-devel-windows-x86_64-old