CRAN Package Check Results for Package skedastic

Last updated on 2021-10-26 12:54:39 CEST.

Flavor Version Tinstall Tcheck Ttotal Status Flags
r-devel-linux-x86_64-debian-clang 1.0.3 7.64 125.60 133.24 OK
r-devel-linux-x86_64-debian-gcc 1.0.3 6.46 85.68 92.14 OK
r-devel-linux-x86_64-fedora-clang 1.0.3 163.62 NOTE
r-devel-linux-x86_64-fedora-gcc 1.0.3 158.17 NOTE
r-devel-windows-x86_64 1.0.3 14.00 106.00 120.00 OK
r-devel-windows-x86_64-gcc10-UCRT 1.0.3 NOTE
r-patched-linux-x86_64 1.0.3 8.26 115.67 123.93 OK
r-patched-solaris-x86 1.0.3 204.00 NOTE
r-release-linux-x86_64 1.0.3 7.69 114.70 122.39 OK
r-release-macos-arm64 1.0.3 NOTE
r-release-macos-x86_64 1.0.3 NOTE
r-release-windows-ix86+x86_64 1.0.3 10.00 158.00 168.00 OK
r-oldrel-macos-x86_64 1.0.3 NOTE
r-oldrel-windows-ix86+x86_64 1.0.3 14.00 150.00 164.00 OK

Check Details

Version: 1.0.3
Check: dependencies in R code
Result: NOTE
    Namespaces in Imports field not imported from:
     ‘CompQuadForm’ ‘Hmisc’ ‘boot’ ‘mvtnorm’
     All declared Imports should be used.
Flavors: r-devel-linux-x86_64-fedora-clang, r-devel-linux-x86_64-fedora-gcc, r-devel-windows-x86_64-gcc10-UCRT, r-patched-solaris-x86, r-release-macos-arm64, r-release-macos-x86_64, r-oldrel-macos-x86_64