Last updated on 2024-03-28 23:55:20 CET.
Flavor | Version | Tinstall | Tcheck | Ttotal | Status | Flags |
---|---|---|---|---|---|---|
r-devel-linux-x86_64-debian-clang | 0.2.0 | 2.64 | 33.19 | 35.83 | NOTE | |
r-devel-linux-x86_64-debian-gcc | 0.2.3 | 1.82 | 26.29 | 28.11 | OK | |
r-devel-linux-x86_64-fedora-clang | 0.2.3 | 47.21 | OK | |||
r-devel-linux-x86_64-fedora-gcc | 0.2.3 | 58.15 | OK | |||
r-devel-windows-x86_64 | 0.2.3 | 4.00 | 62.00 | 66.00 | OK | |
r-patched-linux-x86_64 | 0.2.3 | 2.32 | 32.32 | 34.64 | OK | |
r-release-linux-x86_64 | 0.2.0 | 2.64 | 30.81 | 33.45 | OK | |
r-release-macos-arm64 | 0.2.3 | 30.00 | OK | |||
r-release-macos-x86_64 | 0.2.3 | 88.00 | OK | |||
r-release-windows-x86_64 | 0.2.3 | 4.00 | 62.00 | 66.00 | OK | |
r-oldrel-macos-arm64 | 0.2.3 | 25.00 | OK | |||
r-oldrel-windows-x86_64 | 0.2.3 | 5.00 | 62.00 | 67.00 | OK |
Version: 0.2.0
Check: package vignettes
Result: NOTE
Package vignette without corresponding tangle output:
‘skellam.rnw’
Flavor: r-devel-linux-x86_64-debian-clang