CRAN Package Check Results for Package skewt

Last updated on 2021-10-27 00:51:19 CEST.

Flavor Version Tinstall Tcheck Ttotal Status Flags
r-devel-linux-x86_64-debian-clang 0.1 1.88 18.61 20.49 NOTE
r-devel-linux-x86_64-debian-gcc 0.1 1.30 14.87 16.17 NOTE
r-devel-linux-x86_64-fedora-clang 0.1 35.60 NOTE
r-devel-linux-x86_64-fedora-gcc 0.1 25.34 NOTE
r-devel-windows-x86_64 0.1 3.00 27.00 30.00 NOTE
r-devel-windows-x86_64-gcc10-UCRT 0.1 NOTE
r-patched-linux-x86_64 0.1 1.59 18.12 19.71 NOTE
r-patched-solaris-x86 0.1 40.00 NOTE
r-release-linux-x86_64 0.1 1.67 18.06 19.73 NOTE
r-release-macos-arm64 0.1 NOTE
r-release-macos-x86_64 0.1 NOTE
r-release-windows-ix86+x86_64 0.1 4.00 24.00 28.00 NOTE
r-oldrel-macos-x86_64 0.1 NOTE
r-oldrel-windows-ix86+x86_64 0.1 5.00 24.00 29.00 NOTE

Check Details

Version: 0.1
Check: R code for possible problems
Result: NOTE
    dskt: no visible global function definition for 'dt'
    pskt: no visible global function definition for 'pt'
    qskt: no visible global function definition for 'qt'
    rskt: no visible global function definition for 'runif'
    Undefined global functions or variables:
     dt pt qt runif
    Consider adding
     importFrom("stats", "dt", "pt", "qt", "runif")
    to your NAMESPACE file.
Flavors: r-devel-linux-x86_64-debian-clang, r-devel-linux-x86_64-debian-gcc, r-devel-linux-x86_64-fedora-clang, r-devel-linux-x86_64-fedora-gcc, r-devel-windows-x86_64, r-devel-windows-x86_64-gcc10-UCRT, r-patched-linux-x86_64, r-patched-solaris-x86, r-release-linux-x86_64, r-release-macos-arm64, r-release-macos-x86_64, r-release-windows-ix86+x86_64, r-oldrel-macos-x86_64, r-oldrel-windows-ix86+x86_64