CRAN Package Check Results for Package skpr

Last updated on 2021-09-23 08:51:22 CEST.

Flavor Version Tinstall Tcheck Ttotal Status Flags
r-devel-linux-x86_64-debian-clang 1.0.0 232.75 196.08 428.83 OK
r-devel-linux-x86_64-debian-gcc 1.0.0 168.84 151.01 319.85 OK
r-devel-linux-x86_64-fedora-clang 1.0.0 520.56 NOTE
r-devel-linux-x86_64-fedora-gcc 1.0.0 514.54 OK
r-devel-windows-x86_64 1.0.0 186.00 197.00 383.00 OK
r-devel-windows-x86_64-gcc10-UCRT 1.0.0 ERROR
r-patched-linux-x86_64 1.0.0 205.00 193.07 398.07 OK
r-patched-solaris-x86 1.0.0 511.00 OK
r-release-linux-x86_64 1.0.0 202.74 198.11 400.85 OK
r-release-macos-arm64 1.0.0 NOTE
r-release-macos-x86_64 1.0.0 NOTE
r-release-windows-ix86+x86_64 1.0.0 475.00 313.00 788.00 OK
r-oldrel-macos-x86_64 1.0.0 NOTE
r-oldrel-windows-ix86+x86_64 1.0.0 346.00 314.00 660.00 OK

Check Details

Version: 1.0.0
Check: installed package size
Result: NOTE
     installed size is 36.5Mb
     sub-directories of 1Mb or more:
     libs 34.9Mb
Flavors: r-devel-linux-x86_64-fedora-clang, r-release-macos-arm64, r-release-macos-x86_64, r-oldrel-macos-x86_64

Version: 1.0.0
Check: whether package can be installed
Result: ERROR
    Installation failed.
Flavor: r-devel-windows-x86_64-gcc10-UCRT